{"id":462,"date":"2025-09-12T17:00:01","date_gmt":"2025-09-12T15:00:01","guid":{"rendered":"https:\/\/pierredelune-sceaux.fr\/?page_id=462"},"modified":"2026-02-13T16:46:19","modified_gmt":"2026-02-13T15:46:19","slug":"sauna","status":"publish","type":"page","link":"https:\/\/pierredelune-sceaux.fr\/index.php\/sauna\/","title":{"rendered":"Sauna infrarouge"},"content":{"rendered":"\t\t<div data-elementor-type=\"wp-page\" data-elementor-id=\"462\" class=\"elementor elementor-462\">\n\t\t\t\t<div class=\"elementor-element elementor-element-1dd0909 e-flex e-con-boxed e-con e-parent\" data-id=\"1dd0909\" data-element_type=\"container\" data-e-type=\"container\">\n\t\t\t\t\t<div class=\"e-con-inner\">\n\t\t<div class=\"elementor-element elementor-element-c3abaf7 e-con-full e-flex e-con e-child\" data-id=\"c3abaf7\" data-element_type=\"container\" data-e-type=\"container\">\n\t\t\t\t<div class=\"elementor-element elementor-element-fbbf764 elementor-widget elementor-widget-heading\" data-id=\"fbbf764\" data-element_type=\"widget\" data-e-type=\"widget\" data-widget_type=\"heading.default\">\n\t\t\t\t\t<h2 class=\"elementor-heading-title elementor-size-default\">D\u00e9couvrez le sauna infrarouge :<br>vous ne pourrez plus vous en passer !<\/h2>\t\t\t\t<\/div>\n\t\t\t\t<div class=\"elementor-element elementor-element-9f59094 elementor-widget elementor-widget-text-editor\" data-id=\"9f59094\" data-element_type=\"widget\" data-e-type=\"widget\" data-widget_type=\"text-editor.default\">\n\t\t\t\t\t\t\t\t\t<p>Souvent compar\u00e9 au sauna traditionnel vapeur, le sauna infrarouge a en r\u00e9alit\u00e9 un effet totalement diff\u00e9rent sur l&rsquo;organisme.<\/p><p>Le rayonnement infrarouge vient r\u00e9chauffer directement vos tissus corporels et ce, sans aucun danger, alors que le sauna traditionnel proc\u00e8de par r\u00e9chauffement de l&rsquo;air ambiant.<\/p>\t\t\t\t\t\t\t\t<\/div>\n\t\t\t\t<\/div>\n\t\t<div class=\"elementor-element elementor-element-14ebd2e e-con-full e-flex e-con e-child\" data-id=\"14ebd2e\" data-element_type=\"container\" data-e-type=\"container\">\n\t\t\t\t<\/div>\n\t\t<div class=\"elementor-element elementor-element-3b576b6 e-con-full e-flex e-con e-child\" data-id=\"3b576b6\" data-element_type=\"container\" data-e-type=\"container\">\n\t\t\t\t<div class=\"elementor-element elementor-element-ce0d51e elementor-widget elementor-widget-image\" data-id=\"ce0d51e\" data-element_type=\"widget\" data-e-type=\"widget\" data-widget_type=\"image.default\">\n\t\t\t\t\t\t\t\t\t\t\t\t\t\t\t<img fetchpriority=\"high\" decoding=\"async\" width=\"600\" height=\"600\" src=\"https:\/\/pierredelune-sceaux.fr\/wp-content\/uploads\/2025\/09\/PXL_20250912_073512228-e1758058502418-600x600.jpg\" class=\"attachment-ocean-thumb-m size-ocean-thumb-m wp-image-1672\" alt=\"\" srcset=\"https:\/\/pierredelune-sceaux.fr\/wp-content\/uploads\/2025\/09\/PXL_20250912_073512228-e1758058502418-600x600.jpg 600w, https:\/\/pierredelune-sceaux.fr\/wp-content\/uploads\/2025\/09\/PXL_20250912_073512228-e1758058502418-300x300.jpg 300w, https:\/\/pierredelune-sceaux.fr\/wp-content\/uploads\/2025\/09\/PXL_20250912_073512228-e1758058502418-100x100.jpg 100w, https:\/\/pierredelune-sceaux.fr\/wp-content\/uploads\/2025\/09\/PXL_20250912_073512228-e1758058502418-150x150.jpg 150w\" sizes=\"(max-width: 600px) 100vw, 600px\" \/>\t\t\t\t\t\t\t\t\t\t\t\t\t\t\t<\/div>\n\t\t\t\t<\/div>\n\t\t<div class=\"elementor-element elementor-element-ca2ebdc e-con-full e-flex e-con e-child\" data-id=\"ca2ebdc\" data-element_type=\"container\" data-e-type=\"container\">\n\t\t\t\t<div class=\"elementor-element elementor-element-ed58163 elementor-widget elementor-widget-heading\" data-id=\"ed58163\" data-element_type=\"widget\" data-e-type=\"widget\" data-widget_type=\"heading.default\">\n\t\t\t\t\t<h2 class=\"elementor-heading-title elementor-size-default\">Quel est son secret ?<\/h2>\t\t\t\t<\/div>\n\t\t\t\t<div class=\"elementor-element elementor-element-d3aa4de elementor-widget elementor-widget-text-editor\" data-id=\"d3aa4de\" data-element_type=\"widget\" data-e-type=\"widget\" data-widget_type=\"text-editor.default\">\n\t\t\t\t\t\t\t\t\t<p>Les infrarouges utilis\u00e9s dans ce sauna sont des infrarouges de type C, dits \u00ab lointains \u00bb et sont les moins p\u00e9n\u00e9trant parmi les rayons du spectre lumineux infrarouge. Ceux-ci ne p\u00e9n\u00e8trent pas \u00e0 plus de 4 mm votre \u00e9piderme, g\u00e9n\u00e9rant un r\u00e9chauffement en profondeur mais sans jamais risquer une atteinte \u00e0 votre organisme.<\/p><p align=\"JUSTIFY\">L&rsquo;appareil se compose de 9 \u00e9metteurs plats Sauna Concept en fibre de carbone haute performance. Con\u00e7us selon un cahier de charges tr\u00e8s rigoureux afin qu&rsquo;ils b\u00e9n\u00e9ficient d&rsquo;un rayonnement optimis\u00e9 et du spectre total. Ils favorisent la stimulation et l&rsquo;acc\u00e9l\u00e9ration du processus de transpiration. Gr\u00e2ce \u00e0 cette forte transpiration, la peau respire mieux et son irrigation sanguine s&rsquo;en trouve am\u00e9lior\u00e9e.<\/p>\t\t\t\t\t\t\t\t<\/div>\n\t\t\t\t<\/div>\n\t\t\t\t\t<\/div>\n\t\t\t\t<\/div>\n\t\t<div class=\"elementor-element elementor-element-13f9625 e-flex e-con-boxed e-con e-parent\" data-id=\"13f9625\" data-element_type=\"container\" data-e-type=\"container\">\n\t\t\t\t\t<div class=\"e-con-inner\">\n\t\t<div class=\"elementor-element elementor-element-b967c68 e-con-full e-flex e-con e-child\" data-id=\"b967c68\" data-element_type=\"container\" data-e-type=\"container\">\n\t\t\t\t<div class=\"elementor-element elementor-element-310b4f3 elementor-widget elementor-widget-heading\" data-id=\"310b4f3\" data-element_type=\"widget\" data-e-type=\"widget\" data-widget_type=\"heading.default\">\n\t\t\t\t\t<h2 class=\"elementor-heading-title elementor-size-default\">Les bienfaits du sauna infrarouge<\/h2>\t\t\t\t<\/div>\n\t\t\t\t<div class=\"elementor-element elementor-element-b893c66 elementor-widget elementor-widget-text-editor\" data-id=\"b893c66\" data-element_type=\"widget\" data-e-type=\"widget\" data-widget_type=\"text-editor.default\">\n\t\t\t\t\t\t\t\t\t<p>\u2013 <span style=\"color: #cc99ff;\">d\u00e9toxification en profondeur<\/span>\u00a0: l&rsquo;\u00e9limination des toxines se fait jusqu&rsquo;\u00e0 7 fois plus qu&rsquo;un sauna classique<br \/>\u2013 <span style=\"color: #cc99ff;\">am\u00e9lioration de la circulation sanguine<\/span>\u00a0: l&rsquo;augmentation du flux sanguin favorise l&rsquo;oxyg\u00e9nation des cellules et des muscles<br \/>\u2013 <span style=\"color: #cc99ff;\">renforcement du syst\u00e8me immunitaire<\/span>\u00a0: la sudation accrue stimule la production de globules blancs et am\u00e9liore la r\u00e9sistance aux infections<br \/>\u2013 <span style=\"color: #cc99ff;\">soulagement des douleurs articulaires et musculaires<\/span>\u00a0: id\u00e9al pour les personnes souffrant d&rsquo;arthrose, de fibromyalgie ou de tensions chroniques<br \/>\u2013\u00a0 <span style=\"color: #cc99ff;\">relaxation musculaire intense<\/span>\u00a0: la chaleur douce p\u00e9n\u00e8tre jusqu&rsquo;\u00e0 4cm sous la peau pour rel\u00e2cher les tensions musculaires et am\u00e9liorer la r\u00e9cup\u00e9ration apr\u00e8s l&rsquo;effort<br \/>\u2013\u00a0 <span style=\"color: #cc99ff;\">am\u00e9lioration de la peau<\/span>\u00a0: l&rsquo;ouverture des pores et l&rsquo;\u00e9limination des toxines aident \u00e0 purifier la peau, r\u00e9duisant les imperfections et favorisant une meilleure hydratation<br \/>\u2013 <span style=\"color: #cc99ff;\">effets positifs<\/span> sur le sommeil, le stress, la d\u00e9pression<\/p>\t\t\t\t\t\t\t\t<\/div>\n\t\t\t\t<\/div>\n\t\t<div class=\"elementor-element elementor-element-11206d3 e-con-full e-flex e-con e-child\" data-id=\"11206d3\" data-element_type=\"container\" data-e-type=\"container\">\n\t\t\t\t<div class=\"elementor-element elementor-element-fb0d1fb elementor-widget elementor-widget-image\" data-id=\"fb0d1fb\" data-element_type=\"widget\" data-e-type=\"widget\" data-widget_type=\"image.default\">\n\t\t\t\t\t\t\t\t\t\t\t\t\t\t\t<img decoding=\"async\" width=\"771\" height=\"1024\" src=\"https:\/\/pierredelune-sceaux.fr\/wp-content\/uploads\/2025\/09\/PXL_20250912_072924173-771x1024.jpg\" class=\"attachment-large size-large wp-image-1663\" alt=\"\" srcset=\"https:\/\/pierredelune-sceaux.fr\/wp-content\/uploads\/2025\/09\/PXL_20250912_072924173-771x1024.jpg 771w, https:\/\/pierredelune-sceaux.fr\/wp-content\/uploads\/2025\/09\/PXL_20250912_072924173-600x797.jpg 600w, https:\/\/pierredelune-sceaux.fr\/wp-content\/uploads\/2025\/09\/PXL_20250912_072924173-301x400.jpg 301w, https:\/\/pierredelune-sceaux.fr\/wp-content\/uploads\/2025\/09\/PXL_20250912_072924173-768x1020.jpg 768w, https:\/\/pierredelune-sceaux.fr\/wp-content\/uploads\/2025\/09\/PXL_20250912_072924173-1157x1536.jpg 1157w, https:\/\/pierredelune-sceaux.fr\/wp-content\/uploads\/2025\/09\/PXL_20250912_072924173-1542x2048.jpg 1542w, https:\/\/pierredelune-sceaux.fr\/wp-content\/uploads\/2025\/09\/PXL_20250912_072924173.jpg 1920w\" sizes=\"(max-width: 771px) 100vw, 771px\" \/>\t\t\t\t\t\t\t\t\t\t\t\t\t\t\t<\/div>\n\t\t\t\t<\/div>\n\t\t<div class=\"elementor-element elementor-element-ae16fa0 e-con-full e-flex e-con e-child\" data-id=\"ae16fa0\" data-element_type=\"container\" data-e-type=\"container\">\n\t\t\t\t<\/div>\n\t\t<div class=\"elementor-element elementor-element-0033117 e-con-full e-flex e-con e-child\" data-id=\"0033117\" data-element_type=\"container\" data-e-type=\"container\">\n\t\t\t\t<div class=\"elementor-element elementor-element-c334dad elementor-widget elementor-widget-heading\" data-id=\"c334dad\" data-element_type=\"widget\" data-e-type=\"widget\" data-widget_type=\"heading.default\">\n\t\t\t\t\t<h2 class=\"elementor-heading-title elementor-size-default\">Pour qui ?<\/h2>\t\t\t\t<\/div>\n\t\t\t\t<div class=\"elementor-element elementor-element-27a50bc elementor-widget elementor-widget-text-editor\" data-id=\"27a50bc\" data-element_type=\"widget\" data-e-type=\"widget\" data-widget_type=\"text-editor.default\">\n\t\t\t\t\t\t\t\t\t<p align=\"JUSTIFY\">Le sauna infrarouge est souvent recommand\u00e9 pour les personnes souffrant de certains probl\u00e8mes de peau en raison de ses effets b\u00e9n\u00e9fiques sur la circulation sanguine, la d\u00e9toxification et la r\u00e9g\u00e9n\u00e9ration cellulaire. Contrairement au sauna traditionnel pouvant parfois aggraver certaines affections cutan\u00e9es, le sauna infrarouge utilise une chaleur plus douce et p\u00e9n\u00e9trante, ce qui peut \u00eatre b\u00e9n\u00e9fique pour de nombreux types de peau sensibles.<\/p><p style=\"text-align: left;\" align=\"JUSTIFY\">Pour quels probl\u00e8mes de peau le sauna infrarouge est recommand\u00e9 ?<\/p><p align=\"JUSTIFY\">\u2013 <span style=\"color: #cc99ff;\">acn\u00e9 et peau grasse<\/span> : la transpiration induite par la chaleur infrarouge aide \u00e0 d\u00e9boucher les pores et \u00e9liminer les impuret\u00e9s. En favorisant l\u2019\u00e9limination des toxines, elle contribue \u00e0 r\u00e9duire l\u2019exc\u00e8s de s\u00e9bum et \u00e0 pr\u00e9venir les \u00e9ruptions cutan\u00e9es.<\/p><p align=\"JUSTIFY\">\u2013 <span style=\"color: #cc99ff;\">ecz\u00e9ma et psioriasis<\/span>\u00a0: apaiser les d\u00e9mangeaisons et les inflammations, tout en am\u00e9liorant l&rsquo;hydratation de la peau. En stimulant la circulation sanguine et la r\u00e9g\u00e9n\u00e9ration cellulaire, il aide \u00e0 r\u00e9parer les l\u00e9sions cutan\u00e9es et \u00e0 r\u00e9duire les plaques rouges.<\/p><p align=\"JUSTIFY\">\u2013 <span style=\"color: #cc99ff;\">dermatite atopique<\/span> : En favorisant la circulation sanguine et en stimulant la production de collag\u00e8ne, le sauna infrarouge contribue \u00e0 une meilleure hydratation naturelle de la peau, ce qui peut att\u00e9nuer la s\u00e9cheresse et les irritations.<\/p><p align=\"JUSTIFY\">\u2013 <span style=\"color: #cc99ff;\">cicatrices et imperfections cutan\u00e9es<\/span>\u00a0: la chaleur infrarouge stimule la production de collag\u00e8ne et d\u2019\u00e9lastine, aidant ainsi \u00e0 r\u00e9duire l\u2019apparence des cicatrices et \u00e0 acc\u00e9l\u00e9rer la r\u00e9paration des tissus endommag\u00e9s.<\/p><p>Outre ces recommandations, le sauna infrarouge est<span style=\"color: #cc99ff;\"> pour toutes et tous<\/span> (sauf contre-indications).<\/p>\t\t\t\t\t\t\t\t<\/div>\n\t\t\t\t<\/div>\n\t\t\t\t\t<\/div>\n\t\t\t\t<\/div>\n\t\t<div class=\"elementor-element elementor-element-2cd6080 e-flex e-con-boxed e-con e-parent\" data-id=\"2cd6080\" data-element_type=\"container\" data-e-type=\"container\">\n\t\t\t\t\t<div class=\"e-con-inner\">\n\t\t\t\t<div class=\"elementor-element elementor-element-6350f68 elementor-widget elementor-widget-heading\" data-id=\"6350f68\" data-element_type=\"widget\" data-e-type=\"widget\" data-widget_type=\"heading.default\">\n\t\t\t\t\t<h2 class=\"elementor-heading-title elementor-size-default\">Les contre-indications<\/h2>\t\t\t\t<\/div>\n\t\t\t\t\t<\/div>\n\t\t\t\t<\/div>\n\t\t<div class=\"elementor-element elementor-element-ae48cee e-flex e-con-boxed e-con e-parent\" data-id=\"ae48cee\" data-element_type=\"container\" data-e-type=\"container\">\n\t\t\t\t\t<div class=\"e-con-inner\">\n\t\t<div class=\"elementor-element elementor-element-7f0eb4d e-con-full e-flex e-con e-child\" data-id=\"7f0eb4d\" data-element_type=\"container\" data-e-type=\"container\">\n\t\t\t\t<div class=\"elementor-element elementor-element-3dd341d elementor-widget elementor-widget-text-editor\" data-id=\"3dd341d\" data-element_type=\"widget\" data-e-type=\"widget\" data-widget_type=\"text-editor.default\">\n\t\t\t\t\t\t\t\t\t<p>\u2013 Fi\u00e8vre<br \/>\u2013 Infections<br \/>\u2013 Tumeur du syst\u00e8me nerveux central ou la neuropathie diab\u00e9tique<br \/>\u2013 Maladies cardiaques telles que : l&rsquo;hypertension, l&rsquo;hypotension, l&rsquo;insuffisance cardiaque, le pace-maker (consultez votre m\u00e9decin si vous souhaitez faire une s\u00e9ance et pour vous assurez qu&rsquo;un bain de chaleur ne soit pas n\u00e9faste pour votre sant\u00e9)<\/p>\t\t\t\t\t\t\t\t<\/div>\n\t\t\t\t<\/div>\n\t\t<div class=\"elementor-element elementor-element-efc96f5 e-con-full e-flex e-con e-child\" data-id=\"efc96f5\" data-element_type=\"container\" data-e-type=\"container\">\n\t\t\t\t<div class=\"elementor-element elementor-element-77d52f4 elementor-widget elementor-widget-text-editor\" data-id=\"77d52f4\" data-element_type=\"widget\" data-e-type=\"widget\" data-widget_type=\"text-editor.default\">\n\t\t\t\t\t\t\t\t\t<p>\u2013 Grossesse<br \/>\u2013 Maladie de Parkinson<br \/>\u2013 Si prise d&rsquo;alcool ou drogues<br \/>\u2013 Couperose<br \/>\u2013 Scl\u00e9rose en plaque<br \/>\u2013 H\u00e9mophile ou personne sujette aux saignements<br \/>\u2013 Douleurs articulaires aigu\u00ebs : ne pas utiliser le sauna infrarouge dans les 48h de la blessure et jusqu&rsquo;\u00e0 ce que le gonflement ait diminu\u00e9<\/p>\t\t\t\t\t\t\t\t<\/div>\n\t\t\t\t<\/div>\n\t\t<div class=\"elementor-element elementor-element-c45cbab e-con-full e-flex e-con e-child\" data-id=\"c45cbab\" data-element_type=\"container\" data-e-type=\"container\">\n\t\t\t\t<div class=\"elementor-element elementor-element-e4e004a elementor-widget elementor-widget-text-editor\" data-id=\"e4e004a\" data-element_type=\"widget\" data-e-type=\"widget\" data-widget_type=\"text-editor.default\">\n\t\t\t\t\t\t\t\t\t<p>\u2013 Implants chirurgicaux. Les \u00e9pingles en m\u00e9tal, les tringles, les proth\u00e8ses ou autres implants chirurgicaux refl\u00e8tent g\u00e9n\u00e9ralement les rayons infrarouges et ne subissent pas d&rsquo;effet de la chaleur infrarouge.<br \/>(N\u00e9anmoins, une personne concern\u00e9e doit consulter son chirurgien avant de recevoir une telle th\u00e9rapie. Il est certain qu&rsquo;une th\u00e9rapie infrarouge doit \u00eatre interrompue si une personne \u00e9prouve une douleur au niveau d&rsquo;un implant)<\/p>\t\t\t\t\t\t\t\t<\/div>\n\t\t\t\t<\/div>\n\t\t\t\t\t<\/div>\n\t\t\t\t<\/div>\n\t\t<div class=\"elementor-element elementor-element-f3df559 e-flex e-con-boxed e-con e-parent\" data-id=\"f3df559\" data-element_type=\"container\" data-e-type=\"container\">\n\t\t\t\t\t<div class=\"e-con-inner\">\n\t\t<div class=\"elementor-element elementor-element-ec6fd81 e-con-full e-flex e-con e-child\" data-id=\"ec6fd81\" data-element_type=\"container\" data-e-type=\"container\">\n\t\t\t\t<div class=\"elementor-element elementor-element-100b341 elementor-widget elementor-widget-button\" data-id=\"100b341\" data-element_type=\"widget\" data-e-type=\"widget\" data-widget_type=\"button.default\">\n\t\t\t\t\t\t\t\t\t\t<a class=\"elementor-button elementor-button-link elementor-size-sm elementor-animation-grow\" href=\"https:\/\/pierredelune-sceaux.fr\/index.php\/prestations\/\">\n\t\t\t\t\t\t<span class=\"elementor-button-content-wrapper\">\n\t\t\t\t\t\t\t\t\t<span class=\"elementor-button-text\">Menu prestations<\/span>\n\t\t\t\t\t<\/span>\n\t\t\t\t\t<\/a>\n\t\t\t\t\t\t\t\t<\/div>\n\t\t\t\t<\/div>\n\t\t\t\t\t<\/div>\n\t\t\t\t<\/div>\n\t\t<div class=\"elementor-element elementor-element-eb7c7d5 e-flex e-con-boxed e-con e-parent\" data-id=\"eb7c7d5\" data-element_type=\"container\" data-e-type=\"container\">\n\t\t\t\t\t<div class=\"e-con-inner\">\n\t\t\t\t<div class=\"elementor-element elementor-element-0c341a8 elementor-arrows-position-inside elementor-pagination-position-outside elementor-widget elementor-widget-image-carousel\" data-id=\"0c341a8\" data-element_type=\"widget\" data-e-type=\"widget\" data-settings=\"{&quot;slides_to_show&quot;:&quot;4&quot;,&quot;slides_to_scroll&quot;:&quot;1&quot;,&quot;navigation&quot;:&quot;both&quot;,&quot;autoplay&quot;:&quot;yes&quot;,&quot;pause_on_hover&quot;:&quot;yes&quot;,&quot;pause_on_interaction&quot;:&quot;yes&quot;,&quot;autoplay_speed&quot;:5000,&quot;infinite&quot;:&quot;yes&quot;,&quot;speed&quot;:500}\" data-widget_type=\"image-carousel.default\">\n\t\t\t\t\t\t\t<div class=\"elementor-image-carousel-wrapper swiper\" role=\"region\" aria-roledescription=\"carousel\" aria-label=\"Sauna infrarouge\" dir=\"ltr\">\n\t\t\t<div class=\"elementor-image-carousel swiper-wrapper\" aria-live=\"off\">\n\t\t\t\t\t\t\t\t<div class=\"swiper-slide\" role=\"group\" aria-roledescription=\"slide\" aria-label=\"1 sur 5\"><figure class=\"swiper-slide-inner\"><img decoding=\"async\" class=\"swiper-slide-image\" src=\"https:\/\/pierredelune-sceaux.fr\/wp-content\/uploads\/2025\/09\/PXL_20250912_073512228-e1758058502418-600x600.jpg\" alt=\"\" \/><\/figure><\/div><div class=\"swiper-slide\" role=\"group\" aria-roledescription=\"slide\" aria-label=\"2 sur 5\"><figure class=\"swiper-slide-inner\"><img decoding=\"async\" class=\"swiper-slide-image\" src=\"https:\/\/pierredelune-sceaux.fr\/wp-content\/uploads\/2025\/09\/PXL_20250912_073143717-600x600.jpg\" alt=\"\" \/><\/figure><\/div><div class=\"swiper-slide\" role=\"group\" aria-roledescription=\"slide\" aria-label=\"3 sur 5\"><figure class=\"swiper-slide-inner\"><img decoding=\"async\" class=\"swiper-slide-image\" src=\"https:\/\/pierredelune-sceaux.fr\/wp-content\/uploads\/2025\/09\/PXL_20250912_073335985-600x600.jpg\" alt=\"\" \/><\/figure><\/div><div class=\"swiper-slide\" role=\"group\" aria-roledescription=\"slide\" aria-label=\"4 sur 5\"><figure class=\"swiper-slide-inner\"><img decoding=\"async\" class=\"swiper-slide-image\" src=\"https:\/\/pierredelune-sceaux.fr\/wp-content\/uploads\/2025\/09\/PXL_20250912_072924173-600x600.jpg\" alt=\"\" \/><\/figure><\/div><div class=\"swiper-slide\" role=\"group\" aria-roledescription=\"slide\" aria-label=\"5 sur 5\"><figure class=\"swiper-slide-inner\"><img decoding=\"async\" class=\"swiper-slide-image\" src=\"https:\/\/pierredelune-sceaux.fr\/wp-content\/uploads\/2025\/09\/PXL_20250912_072905992-600x600.jpg\" alt=\"\" \/><\/figure><\/div>\t\t\t<\/div>\n\t\t\t\t\t\t\t\t\t\t\t\t<div class=\"elementor-swiper-button elementor-swiper-button-prev\" role=\"button\" tabindex=\"0\">\n\t\t\t\t\t\t<svg aria-hidden=\"true\" class=\"e-font-icon-svg e-eicon-chevron-left\" viewBox=\"0 0 1000 1000\" xmlns=\"http:\/\/www.w3.org\/2000\/svg\"><path d=\"M646 125C629 125 613 133 604 142L308 442C296 454 292 471 292 487 292 504 296 521 308 533L604 854C617 867 629 875 646 875 663 875 679 871 692 858 704 846 713 829 713 812 713 796 708 779 692 767L438 487 692 225C700 217 708 204 708 187 708 171 704 154 692 142 675 129 663 125 646 125Z\"><\/path><\/svg>\t\t\t\t\t<\/div>\n\t\t\t\t\t<div class=\"elementor-swiper-button elementor-swiper-button-next\" role=\"button\" tabindex=\"0\">\n\t\t\t\t\t\t<svg aria-hidden=\"true\" class=\"e-font-icon-svg e-eicon-chevron-right\" viewBox=\"0 0 1000 1000\" xmlns=\"http:\/\/www.w3.org\/2000\/svg\"><path d=\"M696 533C708 521 713 504 713 487 713 471 708 454 696 446L400 146C388 133 375 125 354 125 338 125 325 129 313 142 300 154 292 171 292 187 292 204 296 221 308 233L563 492 304 771C292 783 288 800 288 817 288 833 296 850 308 863 321 871 338 875 354 875 371 875 388 867 400 854L696 533Z\"><\/path><\/svg>\t\t\t\t\t<\/div>\n\t\t\t\t\n\t\t\t\t\t\t\t\t\t<div class=\"swiper-pagination\"><\/div>\n\t\t\t\t\t\t\t\t\t<\/div>\n\t\t\t\t\t\t<\/div>\n\t\t\t\t\t<\/div>\n\t\t\t\t<\/div>\n\t\t\t\t<\/div>\n\t\t","protected":false},"excerpt":{"rendered":"<p>D\u00e9couvrez le sauna infrarouge :vous ne pourrez plus vous en passer ! Souvent compar\u00e9 au sauna traditionnel vapeur, le sauna infrarouge a en r\u00e9alit\u00e9 un effet totalement diff\u00e9rent sur l&rsquo;organisme. Le rayonnement infrarouge vient r\u00e9chauffer directement vos tissus corporels et ce, sans aucun danger, alors que le sauna traditionnel proc\u00e8de par r\u00e9chauffement de l&rsquo;air ambiant. [&hellip;]<\/p>\n","protected":false},"author":1,"featured_media":0,"parent":0,"menu_order":0,"comment_status":"closed","ping_status":"closed","template":"elementor_header_footer","meta":{"ocean_post_layout":"","ocean_both_sidebars_style":"","ocean_both_sidebars_content_width":0,"ocean_both_sidebars_sidebars_width":0,"ocean_sidebar":"","ocean_second_sidebar":"","ocean_disable_margins":"enable","ocean_add_body_class":"","ocean_shortcode_before_top_bar":"","ocean_shortcode_after_top_bar":"","ocean_shortcode_before_header":"","ocean_shortcode_after_header":"","ocean_has_shortcode":"","ocean_shortcode_after_title":"","ocean_shortcode_before_footer_widgets":"","ocean_shortcode_after_footer_widgets":"","ocean_shortcode_before_footer_bottom":"","ocean_shortcode_after_footer_bottom":"","ocean_display_top_bar":"default","ocean_display_header":"default","ocean_header_style":"","ocean_center_header_left_menu":"","ocean_custom_header_template":"","ocean_custom_logo":0,"ocean_custom_retina_logo":0,"ocean_custom_logo_max_width":0,"ocean_custom_logo_tablet_max_width":0,"ocean_custom_logo_mobile_max_width":0,"ocean_custom_logo_max_height":0,"ocean_custom_logo_tablet_max_height":0,"ocean_custom_logo_mobile_max_height":0,"ocean_header_custom_menu":"","ocean_menu_typo_font_family":"","ocean_menu_typo_font_subset":"","ocean_menu_typo_font_size":0,"ocean_menu_typo_font_size_tablet":0,"ocean_menu_typo_font_size_mobile":0,"ocean_menu_typo_font_size_unit":"px","ocean_menu_typo_font_weight":"","ocean_menu_typo_font_weight_tablet":"","ocean_menu_typo_font_weight_mobile":"","ocean_menu_typo_transform":"","ocean_menu_typo_transform_tablet":"","ocean_menu_typo_transform_mobile":"","ocean_menu_typo_line_height":0,"ocean_menu_typo_line_height_tablet":0,"ocean_menu_typo_line_height_mobile":0,"ocean_menu_typo_line_height_unit":"","ocean_menu_typo_spacing":0,"ocean_menu_typo_spacing_tablet":0,"ocean_menu_typo_spacing_mobile":0,"ocean_menu_typo_spacing_unit":"","ocean_menu_link_color":"","ocean_menu_link_color_hover":"","ocean_menu_link_color_active":"","ocean_menu_link_background":"","ocean_menu_link_hover_background":"","ocean_menu_link_active_background":"","ocean_menu_social_links_bg":"","ocean_menu_social_hover_links_bg":"","ocean_menu_social_links_color":"","ocean_menu_social_hover_links_color":"","ocean_disable_title":"default","ocean_disable_heading":"default","ocean_post_title":"","ocean_post_subheading":"","ocean_post_title_style":"","ocean_post_title_background_color":"","ocean_post_title_background":0,"ocean_post_title_bg_image_position":"","ocean_post_title_bg_image_attachment":"","ocean_post_title_bg_image_repeat":"","ocean_post_title_bg_image_size":"","ocean_post_title_height":0,"ocean_post_title_bg_overlay":0.5,"ocean_post_title_bg_overlay_color":"","ocean_disable_breadcrumbs":"default","ocean_breadcrumbs_color":"","ocean_breadcrumbs_separator_color":"","ocean_breadcrumbs_links_color":"","ocean_breadcrumbs_links_hover_color":"","ocean_display_footer_widgets":"default","ocean_display_footer_bottom":"default","ocean_custom_footer_template":"","footnotes":""},"class_list":["post-462","page","type-page","status-publish","hentry","entry","owp-thumbs-layout-horizontal","owp-btn-normal","owp-tabs-layout-horizontal","has-no-thumbnails","has-product-nav"],"_links":{"self":[{"href":"https:\/\/pierredelune-sceaux.fr\/index.php\/wp-json\/wp\/v2\/pages\/462","targetHints":{"allow":["GET"]}}],"collection":[{"href":"https:\/\/pierredelune-sceaux.fr\/index.php\/wp-json\/wp\/v2\/pages"}],"about":[{"href":"https:\/\/pierredelune-sceaux.fr\/index.php\/wp-json\/wp\/v2\/types\/page"}],"author":[{"embeddable":true,"href":"https:\/\/pierredelune-sceaux.fr\/index.php\/wp-json\/wp\/v2\/users\/1"}],"replies":[{"embeddable":true,"href":"https:\/\/pierredelune-sceaux.fr\/index.php\/wp-json\/wp\/v2\/comments?post=462"}],"version-history":[{"count":94,"href":"https:\/\/pierredelune-sceaux.fr\/index.php\/wp-json\/wp\/v2\/pages\/462\/revisions"}],"predecessor-version":[{"id":2549,"href":"https:\/\/pierredelune-sceaux.fr\/index.php\/wp-json\/wp\/v2\/pages\/462\/revisions\/2549"}],"wp:attachment":[{"href":"https:\/\/pierredelune-sceaux.fr\/index.php\/wp-json\/wp\/v2\/media?parent=462"}],"curies":[{"name":"wp","href":"https:\/\/api.w.org\/{rel}","templated":true}]}}