{"id":89,"date":"2025-09-11T15:27:01","date_gmt":"2025-09-11T13:27:01","guid":{"rendered":"https:\/\/pierredelune-sceaux.fr\/?page_id=89"},"modified":"2026-02-13T16:58:59","modified_gmt":"2026-02-13T15:58:59","slug":"a-propos","status":"publish","type":"page","link":"https:\/\/pierredelune-sceaux.fr\/index.php\/a-propos\/","title":{"rendered":"\u00c0 propos"},"content":{"rendered":"\t\t<div data-elementor-type=\"wp-page\" data-elementor-id=\"89\" class=\"elementor elementor-89\">\n\t\t\t\t<div class=\"elementor-element elementor-element-6e83894 e-flex e-con-boxed e-con e-parent\" data-id=\"6e83894\" data-element_type=\"container\" data-e-type=\"container\">\n\t\t\t\t\t<div class=\"e-con-inner\">\n\t\t\t\t<div class=\"elementor-element elementor-element-5c34614 elementor-widget elementor-widget-text-editor\" data-id=\"5c34614\" data-element_type=\"widget\" data-e-type=\"widget\" data-widget_type=\"text-editor.default\">\n\t\t\t\t\t\t\t\t\t<p>Depuis son ouverture en juillet 2017, Pierre de Lune est un spa param\u00e9dical dirig\u00e9 par une infirmi\u00e8re dipl\u00f4m\u00e9e d&rsquo;\u00c9tat, V\u00e9ronique, une psychologue, Chlo\u00e9, et un naturopathe, Franck !<\/p>\n<p>En tant qu\u2019infirmi\u00e8re depuis 34 ans, je mets mon exp\u00e9rience et mon savoir-faire param\u00e9dical au service de votre bien-\u00eatre pour vous aider \u00e0 retrouver votre combativit\u00e9 et votre joie de vivre.<\/p>\n<p>Nous tombons malade parce que :<br>&#8211; nous manquons de sommeil<br>&#8211; nous mangeons mal<br>&#8211; nous respirons mal<br>&#8211; nous inhalons et avalons des substances toxiques<br>&#8211; nous subissons les effets de la pollution \u00e9lectromagn\u00e9tique<br>&#8211; nous sommes chroniquement stress\u00e9s<br>&#8211; nous souffrons d\u2019un manque d\u2019attention, d\u2019un manque d\u2019affection<br>&#8211; nous souffrons de blocages \u00e9nerg\u00e9tiques et psychologiques<br>&#8211; nous ne trouvons plus de sens \u00e0 ce que nous faisons<br>&#8211; et surtout nous refusons obstin\u00e9ment d\u2019\u00e9couter les signaux, de type sensoriel ou fonctionnel, que nous adresse notre corps.<\/p>\n<p>On le voit, la plupart du temps, les maladies sont de causalit\u00e9 complexe et r\u00e9clameraient donc des traitements individualis\u00e9s. Pour les m\u00e9decines traditionnelles, la cause imm\u00e9diate de la maladie se situe dans un des\u00e9quilibre des \u00e9nergies, des humeurs. La cause lointaine, quant \u00e0 elle, a quelque chose \u00e0 voir avec une mani\u00e8re d&rsquo;\u00eatre au monde inappropri\u00e9e, source de nombreuses souffrances et de r\u00e9actions \u00e9motionnelles laissant leur empreinte dans le corps.<\/p>\n<p>\u00c0 cela s&rsquo;ajoutent les principales conditions d&rsquo;apparition de la maladie : les saisons, les pollutions environnementales, l&rsquo;alimentation, le comportement, l&rsquo;histoire personnelle, &#8230;<\/p>\n<p>L\u00e2cher-prise, se d\u00e9tendre, \u00e9couter son corps sont des m\u00e9thodes simples pour limiter les effets n\u00e9fastes du stress quotidien qui nous gagne peu \u00e0 peu.<\/p>\n<p>Le concept de Pierre de Lune est n\u00e9 de ce constat.<\/p>\t\t\t\t\t\t\t\t<\/div>\n\t\t\t\t\t<\/div>\n\t\t\t\t<\/div>\n\t\t\t\t<\/div>\n\t\t","protected":false},"excerpt":{"rendered":"<p>Depuis son ouverture en juillet 2017, Pierre de Lune est un spa param\u00e9dical dirig\u00e9 par une infirmi\u00e8re dipl\u00f4m\u00e9e d&rsquo;\u00c9tat, V\u00e9ronique, une psychologue, Chlo\u00e9, et un naturopathe, Franck ! En tant qu\u2019infirmi\u00e8re depuis 34 ans, je mets mon exp\u00e9rience et mon savoir-faire param\u00e9dical au service de votre bien-\u00eatre pour vous aider \u00e0 retrouver votre combativit\u00e9 et [&hellip;]<\/p>\n","protected":false},"author":1,"featured_media":0,"parent":0,"menu_order":1,"comment_status":"closed","ping_status":"closed","template":"elementor_header_footer","meta":{"ocean_post_layout":"","ocean_both_sidebars_style":"","ocean_both_sidebars_content_width":0,"ocean_both_sidebars_sidebars_width":0,"ocean_sidebar":"","ocean_second_sidebar":"","ocean_disable_margins":"enable","ocean_add_body_class":"","ocean_shortcode_before_top_bar":"","ocean_shortcode_after_top_bar":"","ocean_shortcode_before_header":"","ocean_shortcode_after_header":"","ocean_has_shortcode":"","ocean_shortcode_after_title":"","ocean_shortcode_before_footer_widgets":"","ocean_shortcode_after_footer_widgets":"","ocean_shortcode_before_footer_bottom":"","ocean_shortcode_after_footer_bottom":"","ocean_display_top_bar":"default","ocean_display_header":"default","ocean_header_style":"","ocean_center_header_left_menu":"","ocean_custom_header_template":"","ocean_custom_logo":0,"ocean_custom_retina_logo":0,"ocean_custom_logo_max_width":0,"ocean_custom_logo_tablet_max_width":0,"ocean_custom_logo_mobile_max_width":0,"ocean_custom_logo_max_height":0,"ocean_custom_logo_tablet_max_height":0,"ocean_custom_logo_mobile_max_height":0,"ocean_header_custom_menu":"","ocean_menu_typo_font_family":"","ocean_menu_typo_font_subset":"","ocean_menu_typo_font_size":0,"ocean_menu_typo_font_size_tablet":0,"ocean_menu_typo_font_size_mobile":0,"ocean_menu_typo_font_size_unit":"px","ocean_menu_typo_font_weight":"","ocean_menu_typo_font_weight_tablet":"","ocean_menu_typo_font_weight_mobile":"","ocean_menu_typo_transform":"","ocean_menu_typo_transform_tablet":"","ocean_menu_typo_transform_mobile":"","ocean_menu_typo_line_height":0,"ocean_menu_typo_line_height_tablet":0,"ocean_menu_typo_line_height_mobile":0,"ocean_menu_typo_line_height_unit":"","ocean_menu_typo_spacing":0,"ocean_menu_typo_spacing_tablet":0,"ocean_menu_typo_spacing_mobile":0,"ocean_menu_typo_spacing_unit":"","ocean_menu_link_color":"","ocean_menu_link_color_hover":"","ocean_menu_link_color_active":"","ocean_menu_link_background":"","ocean_menu_link_hover_background":"","ocean_menu_link_active_background":"","ocean_menu_social_links_bg":"","ocean_menu_social_hover_links_bg":"","ocean_menu_social_links_color":"","ocean_menu_social_hover_links_color":"","ocean_disable_title":"default","ocean_disable_heading":"default","ocean_post_title":"","ocean_post_subheading":"","ocean_post_title_style":"","ocean_post_title_background_color":"","ocean_post_title_background":0,"ocean_post_title_bg_image_position":"","ocean_post_title_bg_image_attachment":"","ocean_post_title_bg_image_repeat":"","ocean_post_title_bg_image_size":"","ocean_post_title_height":0,"ocean_post_title_bg_overlay":0.5,"ocean_post_title_bg_overlay_color":"","ocean_disable_breadcrumbs":"default","ocean_breadcrumbs_color":"","ocean_breadcrumbs_separator_color":"","ocean_breadcrumbs_links_color":"","ocean_breadcrumbs_links_hover_color":"","ocean_display_footer_widgets":"default","ocean_display_footer_bottom":"default","ocean_custom_footer_template":"","footnotes":""},"class_list":["post-89","page","type-page","status-publish","hentry","entry","owp-thumbs-layout-horizontal","owp-btn-normal","owp-tabs-layout-horizontal","has-no-thumbnails","has-product-nav"],"_links":{"self":[{"href":"https:\/\/pierredelune-sceaux.fr\/index.php\/wp-json\/wp\/v2\/pages\/89","targetHints":{"allow":["GET"]}}],"collection":[{"href":"https:\/\/pierredelune-sceaux.fr\/index.php\/wp-json\/wp\/v2\/pages"}],"about":[{"href":"https:\/\/pierredelune-sceaux.fr\/index.php\/wp-json\/wp\/v2\/types\/page"}],"author":[{"embeddable":true,"href":"https:\/\/pierredelune-sceaux.fr\/index.php\/wp-json\/wp\/v2\/users\/1"}],"replies":[{"embeddable":true,"href":"https:\/\/pierredelune-sceaux.fr\/index.php\/wp-json\/wp\/v2\/comments?post=89"}],"version-history":[{"count":34,"href":"https:\/\/pierredelune-sceaux.fr\/index.php\/wp-json\/wp\/v2\/pages\/89\/revisions"}],"predecessor-version":[{"id":2582,"href":"https:\/\/pierredelune-sceaux.fr\/index.php\/wp-json\/wp\/v2\/pages\/89\/revisions\/2582"}],"wp:attachment":[{"href":"https:\/\/pierredelune-sceaux.fr\/index.php\/wp-json\/wp\/v2\/media?parent=89"}],"curies":[{"name":"wp","href":"https:\/\/api.w.org\/{rel}","templated":true}]}}