{"id":1867,"date":"2025-11-13T22:58:24","date_gmt":"2025-11-13T21:58:24","guid":{"rendered":"https:\/\/pierredelune-sceaux.fr\/?post_type=product&#038;p=1867"},"modified":"2025-11-13T22:58:24","modified_gmt":"2025-11-13T21:58:24","slug":"capsules-cbd-sommeil-30-nuits-hexa3","status":"publish","type":"product","link":"https:\/\/pierredelune-sceaux.fr\/index.php\/produit\/capsules-cbd-sommeil-30-nuits-hexa3\/","title":{"rendered":"Capsules CBD Sommeil 30 nuits &#8211; Hexa3"},"content":{"rendered":"<p>Une boite de capsules CBD Sommeil HexaSOM\u00ae contient 30 g\u00e9lules, il vous suffira d\u2019en consommer une par soir avant le coucher et vous b\u00e9n\u00e9ficierez d\u2019une utilisation sur 1 mois. Elles sont m\u00eames plus efficaces que notre Spray CBD Sommeil en huile.<br \/>\nNos produits sont adapt\u00e9s selon des dosages recommand\u00e9s, par exemple, la dose de M\u00e9latonine dans une g\u00e9lule est la dose de M\u00e9latonine maximale recommand\u00e9e en France pour rester s\u00e9curitaire tout en \u00e9tant efficace. Nos formules sont\u00a0conditionn\u00e9es sous blister,\u00a0pour que les ingr\u00e9dients actifs soient parfaitement conserv\u00e9s et restent efficaces .<\/p>\n<p>Il est important de noter que le conditionnement individuel de g\u00e9lules peut aider les ingr\u00e9dients actifs \u00e0 ne pas s\u2019oxyder dans le temps, lorsqu\u2019ils sont expos\u00e9s.<\/p>\n<ul>\n<li>1 g\u00e9lule par soir pour\u00a0 un\u00a0endormissement* plus rapide<\/li>\n<li>Dosage \u00e9lev\u00e9 en CBD, avec 50mg par g\u00e9lule<\/li>\n<li>Formule synergique :\u00a0CBD, GABA, M\u00e9latonine, Tryptophane, L-Glycine<\/li>\n<li>2 Blisters de 15 g\u00e9lules, pour une\u00a0conservation optimale des actifs<\/li>\n<li>Sans OGM, sans additifs, sans colorants<\/li>\n<li>Certifi\u00e9 aux normes GMP &amp; ISO 22000<\/li>\n<li>Convient aux v\u00e9gans &amp; aux v\u00e9g\u00e9tariens<\/li>\n<\/ul>\n<p>*La m\u00e9latonine contribue \u00e0 r\u00e9duire le temps d\u2019endormissement gr\u00e2ce \u00e0 la consommation d\u2019au moins 1mg avant le coucher.<\/p>\n<p>Environ 45 minutes avant le coucher, prendre 1 g\u00e9lule avec un verre d\u2019eau.<\/p>\n<p>Ne convient pas aux femmes enceintes ou allaitantes, aux enfants, jeunes enfants &amp; adolescents (d\u00e9conseill\u00e9 aux personnes de moins de 18 ans).<\/p>\n<p>Poids : 0,030kg<\/p>\n<p>Vous pouvez retrouver l&rsquo;analyse CBD\/THC de ce produit sur la <a href=\"https:\/\/hexa3.eu\/les-analyses-produits\/\">page d\u00e9di\u00e9e<\/a>.<\/p>\n","protected":false},"excerpt":{"rendered":"<p>Pourquoi prendre les Capsules CBD Sommeil M\u00e9latonine HexaSOM\u00ae?<\/p>\n<p>Pour favoriser l\u2019endormissement et vous aider \u00e0 passer une nuit calme, sans r\u00e9veil nocturne.<br \/>\nPour ce faire, nous avons formul\u00e9 un complexe unique sur le march\u00e9, qui combine \u00e0 la fois\u00a050mg de CBD par g\u00e9lule, avec\u00a0 des ingr\u00e9dients actifs tels que la\u00a0M\u00e9latonine\u00a0(l\u2019hormone du sommeil) ou encore le\u00a0GABA\u00a0(neurotransmetteur), la\u00a0L-Glycine\u00a0ou m\u00eame le\u00a0L-Tryptophane, deux acides amin\u00e9s d\u2019origine v\u00e9g\u00e9tale.<\/p>\n","protected":false},"featured_media":1888,"template":"","meta":{"ocean_post_layout":"","ocean_both_sidebars_style":"","ocean_both_sidebars_content_width":0,"ocean_both_sidebars_sidebars_width":0,"ocean_sidebar":"0","ocean_second_sidebar":"0","ocean_disable_margins":"enable","ocean_add_body_class":"","ocean_shortcode_before_top_bar":"","ocean_shortcode_after_top_bar":"","ocean_shortcode_before_header":"","ocean_shortcode_after_header":"","ocean_has_shortcode":"","ocean_shortcode_after_title":"","ocean_shortcode_before_footer_widgets":"","ocean_shortcode_after_footer_widgets":"","ocean_shortcode_before_footer_bottom":"","ocean_shortcode_after_footer_bottom":"","ocean_display_top_bar":"default","ocean_display_header":"default","ocean_header_style":"","ocean_center_header_left_menu":"0","ocean_custom_header_template":"0","ocean_custom_logo":0,"ocean_custom_retina_logo":0,"ocean_custom_logo_max_width":0,"ocean_custom_logo_tablet_max_width":0,"ocean_custom_logo_mobile_max_width":0,"ocean_custom_logo_max_height":0,"ocean_custom_logo_tablet_max_height":0,"ocean_custom_logo_mobile_max_height":0,"ocean_header_custom_menu":"0","ocean_menu_typo_font_family":"0","ocean_menu_typo_font_subset":"","ocean_menu_typo_font_size":0,"ocean_menu_typo_font_size_tablet":0,"ocean_menu_typo_font_size_mobile":0,"ocean_menu_typo_font_size_unit":"px","ocean_menu_typo_font_weight":"","ocean_menu_typo_font_weight_tablet":"","ocean_menu_typo_font_weight_mobile":"","ocean_menu_typo_transform":"","ocean_menu_typo_transform_tablet":"","ocean_menu_typo_transform_mobile":"","ocean_menu_typo_line_height":0,"ocean_menu_typo_line_height_tablet":0,"ocean_menu_typo_line_height_mobile":0,"ocean_menu_typo_line_height_unit":"","ocean_menu_typo_spacing":0,"ocean_menu_typo_spacing_tablet":0,"ocean_menu_typo_spacing_mobile":0,"ocean_menu_typo_spacing_unit":"","ocean_menu_link_color":"","ocean_menu_link_color_hover":"","ocean_menu_link_color_active":"","ocean_menu_link_background":"","ocean_menu_link_hover_background":"","ocean_menu_link_active_background":"","ocean_menu_social_links_bg":"","ocean_menu_social_hover_links_bg":"","ocean_menu_social_links_color":"","ocean_menu_social_hover_links_color":"","ocean_disable_title":"default","ocean_disable_heading":"default","ocean_post_title":"","ocean_post_subheading":"","ocean_post_title_style":"","ocean_post_title_background_color":"","ocean_post_title_background":0,"ocean_post_title_bg_image_position":"","ocean_post_title_bg_image_attachment":"","ocean_post_title_bg_image_repeat":"","ocean_post_title_bg_image_size":"","ocean_post_title_height":0,"ocean_post_title_bg_overlay":0.5,"ocean_post_title_bg_overlay_color":"","ocean_disable_breadcrumbs":"default","ocean_breadcrumbs_color":"","ocean_breadcrumbs_separator_color":"","ocean_breadcrumbs_links_color":"","ocean_breadcrumbs_links_hover_color":"","ocean_display_footer_widgets":"default","ocean_display_footer_bottom":"default","ocean_custom_footer_template":"0"},"product_brand":[36],"product_cat":[31,29],"product_tag":[],"class_list":{"0":"post-1867","1":"product","2":"type-product","3":"status-publish","4":"has-post-thumbnail","6":"product_brand-le-grossiste-du-cbd","7":"product_cat-capsules","8":"product_cat-produits-a-base-de-cbd","10":"entry","11":"has-media","13":"first","14":"instock","15":"shipping-taxable","16":"purchasable","17":"product-type-simple","18":"has-product-nav","19":"col","20":"span_1_of_4","21":"owp-content-center","22":"owp-thumbs-layout-horizontal","23":"owp-btn-normal","24":"owp-tabs-layout-horizontal","25":"has-no-thumbnails"},"_links":{"self":[{"href":"https:\/\/pierredelune-sceaux.fr\/index.php\/wp-json\/wp\/v2\/product\/1867","targetHints":{"allow":["GET"]}}],"collection":[{"href":"https:\/\/pierredelune-sceaux.fr\/index.php\/wp-json\/wp\/v2\/product"}],"about":[{"href":"https:\/\/pierredelune-sceaux.fr\/index.php\/wp-json\/wp\/v2\/types\/product"}],"wp:featuredmedia":[{"embeddable":true,"href":"https:\/\/pierredelune-sceaux.fr\/index.php\/wp-json\/wp\/v2\/media\/1888"}],"wp:attachment":[{"href":"https:\/\/pierredelune-sceaux.fr\/index.php\/wp-json\/wp\/v2\/media?parent=1867"}],"wp:term":[{"taxonomy":"product_brand","embeddable":true,"href":"https:\/\/pierredelune-sceaux.fr\/index.php\/wp-json\/wp\/v2\/product_brand?post=1867"},{"taxonomy":"product_cat","embeddable":true,"href":"https:\/\/pierredelune-sceaux.fr\/index.php\/wp-json\/wp\/v2\/product_cat?post=1867"},{"taxonomy":"product_tag","embeddable":true,"href":"https:\/\/pierredelune-sceaux.fr\/index.php\/wp-json\/wp\/v2\/product_tag?post=1867"}],"curies":[{"name":"wp","href":"https:\/\/api.w.org\/{rel}","templated":true}]}}