{"id":1907,"date":"2025-11-13T22:57:42","date_gmt":"2025-11-13T21:57:42","guid":{"rendered":"https:\/\/pierredelune-sceaux.fr\/?post_type=product&#038;p=1907"},"modified":"2025-11-13T22:57:42","modified_gmt":"2025-11-13T21:57:42","slug":"infusion-cbd-chanvre-la-nocturne","status":"publish","type":"product","link":"https:\/\/pierredelune-sceaux.fr\/index.php\/produit\/infusion-cbd-chanvre-la-nocturne\/","title":{"rendered":"Infusion CBD chanvre &#8211; La Nocturne"},"content":{"rendered":"<p>Composition :<br \/>\n60 % de chanvre. Notamment et surtout gr\u00e2ce au CBD qu\u2019il contient, le chanvre favorise le repos et l\u2019endormissement ! En interagissant avec le syst\u00e8me s\u00e9rotoninergique, la mol\u00e9cule intervient (entre autres) dans la r\u00e9gulation du sommeil.<br \/>\n15 % de verveine. La verveine est vivement conseill\u00e9e pour lutter contre le stress, l\u2019anxi\u00e9t\u00e9 ainsi que les troubles digestifs responsables du retard dans la phase d&rsquo;endormissement.<br \/>\n15 % de sauge. R\u00e9put\u00e9e pour aider \u00e0 dormir, la sauge est un anxiolytique puissant qui permet de se calmer et de favoriser un sommeil r\u00e9parateur.<br \/>\n10 % de tilleul. Connu pour ses effets apaisants et tranquillisants, le tilleul est \u00e9galement l\u2019un des meilleurs ingr\u00e9dients naturels contre l\u2019insomnie !<\/p>\n<p>Conseils de pr\u00e9paration : Comment maximiser les vertus de l&rsquo;infusion sommeil ?<br \/>\nOn n\u2019a pas invent\u00e9 l\u2019eau chaude, mais l\u2019infusion qui va avec !<\/p>\n<p>Consommez votre tisane 1 \u00e0 2 heures avant d\u2019aller vous coucher. Portez votre eau \u00e0 \u00e9bullition puis laissez infuser le sachet pyramide 4 \u00e0 7 minutes en ajoutant id\u00e9alement un corps gras (lait entier, d\u2019amandes, de soja\u2026) pour une parfaite diffusion des cannabino\u00efdes et principes actifs naturellement pr\u00e9sents dans nos plantes. Vous avez \u00e9galement la possibilit\u00e9 d\u2019ajouter du beurre ou de l\u2019huile.<\/p>\n<p>Le saviez-vous ? La dur\u00e9e d&rsquo;infusion d\u00e9termine le go\u00fbt de votre infusion<\/p>\n<p>Plus le temps d&rsquo;infusion est long, plus vous pouvez ressentir de l&rsquo;amertume en la consommant. Si apr\u00e8s 7 minutes d&rsquo;infusion vous trouvez votre tisane trop am\u00e8re, vous pouvez r\u00e9duire le temps d&rsquo;infusion de vos prochaines tisanes jusqu&rsquo;\u00e0 4 minutes.<\/p>\n","protected":false},"excerpt":{"rendered":"<p>Chaque sachet pyramide recyclable contient du chanvre et d\u2019autres composants qui favorisent l\u2019endormissement.<\/p>\n<p>Associant le chanvre \u00e0 la sauge, \u00e0 la verveine et au tilleul, plantes conseill\u00e9es pour les personnes atteints d\u2019insomnie ou de troubles du sommeil, l\u2019infusion saura vous conduire droit dans les bras de Morph\u00e9e. Mais surtout : avoir un sommeil apais\u00e9 et r\u00e9parateur.<\/p>\n<p>Le sachet pyramide favorise la diffusion des ar\u00f4mes et maximise le plein potentiel du cannabidiol, dont les bienfaits contre l\u2019insomnie ne sont plus \u00e0 d\u00e9montrer.<\/p>\n","protected":false},"featured_media":1909,"template":"","meta":{"ocean_post_layout":"","ocean_both_sidebars_style":"","ocean_both_sidebars_content_width":0,"ocean_both_sidebars_sidebars_width":0,"ocean_sidebar":"0","ocean_second_sidebar":"0","ocean_disable_margins":"enable","ocean_add_body_class":"","ocean_shortcode_before_top_bar":"","ocean_shortcode_after_top_bar":"","ocean_shortcode_before_header":"","ocean_shortcode_after_header":"","ocean_has_shortcode":"","ocean_shortcode_after_title":"","ocean_shortcode_before_footer_widgets":"","ocean_shortcode_after_footer_widgets":"","ocean_shortcode_before_footer_bottom":"","ocean_shortcode_after_footer_bottom":"","ocean_display_top_bar":"default","ocean_display_header":"default","ocean_header_style":"","ocean_center_header_left_menu":"0","ocean_custom_header_template":"0","ocean_custom_logo":0,"ocean_custom_retina_logo":0,"ocean_custom_logo_max_width":0,"ocean_custom_logo_tablet_max_width":0,"ocean_custom_logo_mobile_max_width":0,"ocean_custom_logo_max_height":0,"ocean_custom_logo_tablet_max_height":0,"ocean_custom_logo_mobile_max_height":0,"ocean_header_custom_menu":"0","ocean_menu_typo_font_family":"0","ocean_menu_typo_font_subset":"","ocean_menu_typo_font_size":0,"ocean_menu_typo_font_size_tablet":0,"ocean_menu_typo_font_size_mobile":0,"ocean_menu_typo_font_size_unit":"px","ocean_menu_typo_font_weight":"","ocean_menu_typo_font_weight_tablet":"","ocean_menu_typo_font_weight_mobile":"","ocean_menu_typo_transform":"","ocean_menu_typo_transform_tablet":"","ocean_menu_typo_transform_mobile":"","ocean_menu_typo_line_height":0,"ocean_menu_typo_line_height_tablet":0,"ocean_menu_typo_line_height_mobile":0,"ocean_menu_typo_line_height_unit":"","ocean_menu_typo_spacing":0,"ocean_menu_typo_spacing_tablet":0,"ocean_menu_typo_spacing_mobile":0,"ocean_menu_typo_spacing_unit":"","ocean_menu_link_color":"","ocean_menu_link_color_hover":"","ocean_menu_link_color_active":"","ocean_menu_link_background":"","ocean_menu_link_hover_background":"","ocean_menu_link_active_background":"","ocean_menu_social_links_bg":"","ocean_menu_social_hover_links_bg":"","ocean_menu_social_links_color":"","ocean_menu_social_hover_links_color":"","ocean_disable_title":"default","ocean_disable_heading":"default","ocean_post_title":"","ocean_post_subheading":"","ocean_post_title_style":"","ocean_post_title_background_color":"","ocean_post_title_background":0,"ocean_post_title_bg_image_position":"","ocean_post_title_bg_image_attachment":"","ocean_post_title_bg_image_repeat":"","ocean_post_title_bg_image_size":"","ocean_post_title_height":0,"ocean_post_title_bg_overlay":0.5,"ocean_post_title_bg_overlay_color":"","ocean_disable_breadcrumbs":"default","ocean_breadcrumbs_color":"","ocean_breadcrumbs_separator_color":"","ocean_breadcrumbs_links_color":"","ocean_breadcrumbs_links_hover_color":"","ocean_display_footer_widgets":"default","ocean_display_footer_bottom":"default","ocean_custom_footer_template":"0"},"product_brand":[38,36],"product_cat":[33,29],"product_tag":[],"class_list":{"0":"post-1907","1":"product","2":"type-product","3":"status-publish","4":"has-post-thumbnail","6":"product_brand-la-nocturne","7":"product_brand-le-grossiste-du-cbd","8":"product_cat-infusions","9":"product_cat-produits-a-base-de-cbd","11":"entry","12":"has-media","14":"first","15":"instock","16":"shipping-taxable","17":"purchasable","18":"product-type-simple","19":"has-product-nav","20":"col","21":"span_1_of_4","22":"owp-content-center","23":"owp-thumbs-layout-horizontal","24":"owp-btn-normal","25":"owp-tabs-layout-horizontal","26":"has-no-thumbnails"},"_links":{"self":[{"href":"https:\/\/pierredelune-sceaux.fr\/index.php\/wp-json\/wp\/v2\/product\/1907","targetHints":{"allow":["GET"]}}],"collection":[{"href":"https:\/\/pierredelune-sceaux.fr\/index.php\/wp-json\/wp\/v2\/product"}],"about":[{"href":"https:\/\/pierredelune-sceaux.fr\/index.php\/wp-json\/wp\/v2\/types\/product"}],"wp:featuredmedia":[{"embeddable":true,"href":"https:\/\/pierredelune-sceaux.fr\/index.php\/wp-json\/wp\/v2\/media\/1909"}],"wp:attachment":[{"href":"https:\/\/pierredelune-sceaux.fr\/index.php\/wp-json\/wp\/v2\/media?parent=1907"}],"wp:term":[{"taxonomy":"product_brand","embeddable":true,"href":"https:\/\/pierredelune-sceaux.fr\/index.php\/wp-json\/wp\/v2\/product_brand?post=1907"},{"taxonomy":"product_cat","embeddable":true,"href":"https:\/\/pierredelune-sceaux.fr\/index.php\/wp-json\/wp\/v2\/product_cat?post=1907"},{"taxonomy":"product_tag","embeddable":true,"href":"https:\/\/pierredelune-sceaux.fr\/index.php\/wp-json\/wp\/v2\/product_tag?post=1907"}],"curies":[{"name":"wp","href":"https:\/\/api.w.org\/{rel}","templated":true}]}}