{"id":2074,"date":"2025-11-13T22:46:26","date_gmt":"2025-11-13T21:46:26","guid":{"rendered":"https:\/\/pierredelune-sceaux.fr\/?post_type=product&#038;p=2074"},"modified":"2025-11-13T22:46:26","modified_gmt":"2025-11-13T21:46:26","slug":"tout-en-un-contre-la-fatigue","status":"publish","type":"product","link":"https:\/\/pierredelune-sceaux.fr\/index.php\/produit\/tout-en-un-contre-la-fatigue\/","title":{"rendered":"Tout En Un &#8211; contre la fatigue"},"content":{"rendered":"<p>Le calcium, le fer, le cuivre, le mangan\u00e8se, la vitamine C, les vitamines B1, B5, B8 et B12, contribuent \u00e0 un\u00a0m\u00e9tabolisme \u00e9nerg\u00e9tique\u00a0normal.<\/p>\n<p>Le magn\u00e9sium, le fer, les vitamines C, B3, et B6 contribuent \u00e0\u00a0r\u00e9duire la fatigue.<\/p>\n<p>Le zinc contribue \u00e0 une\u00a0fonction cognitive normale.<\/p>\n<p>La vitamine B5 contribue au\u00a0maintien de bonnes performances intellectuelles.<\/p>\n<p>Le fer, le cuivre, le zinc et les vitamines B6, B12 et C contribuent au\u00a0fonctionnement normal du\u00a0syst\u00e8me immunitaire.<\/p>\n<p>Ingr\u00e9dients : carbonate de calcium, g\u00e9lule (g\u00e9latine), vitamine C (acide ascorbique), oxyde de magn\u00e9sium, maltodextrine, vitamine A (b\u00eata-carot\u00e8ne), fumarate de fer, vitamine E (ac\u00e9tate de DL-alpha-tocoph\u00e9ryle), oxyde de zinc, vitamine B3 (nicotinamide), vitamine B8 (biotine), chlorure de chrome, s\u00e9l\u00e9nite de sodium, sulfate de mangan\u00e8se, vitamine B5 (D-pantoth\u00e9nate de calcium), carbonate de cuivre, vitamine B9 (acide folique), vitamine B12 (cobalamine), vitamine B6 (chlorhydrate de pyridoxine), vitamine B1 (mononitrate de thiamine), vitamine B2 (riboflavine)<\/p>\n<p>Conseils d&rsquo;utilisation : 2 g\u00e9lules\/jour, avec un grand verre d&rsquo;eau, 10 minutes avant le repas du matin ou du midi<\/p>\n<p>Ne pas d\u00e9passer la dose journali\u00e8re recommand\u00e9e.<br \/>\nTenir hors de port\u00e9e des jeunes enfants.<\/p>\n<p>Un compl\u00e9ment alimentaire ne doit pas se substituer \u00e0 une alimentation vari\u00e9e et \u00e9quilibr\u00e9e et \u00e0 un mode de vie sain.<\/p>\n<p>Conserver le produit \u00e0 l&rsquo;abri de la lumi\u00e8re, de la chaleur et de l&rsquo;humidit\u00e9.<\/p>\n<p>D\u00e9conseill\u00e9 aux fumeurs, aux personnes souffrant de maladies ayant pour cons\u00e9quence une accumulation anormale de fer (h\u00e9mochromatose, polyglobulie&#8230;).<br \/>\nPour les femmes enceintes ou allaitantes, consulter un professionnel de sant\u00e9.<br \/>\nR\u00e9serv\u00e9 \u00e0 l\u2019adulte, usage prolong\u00e9 d\u00e9conseill\u00e9.<\/p>\n","protected":false},"excerpt":{"rendered":"<p>Complexe de 11 vitamines et de 8 min\u00e9raux, il r\u00e9duit la fatigue.<\/p>\n<p>Certaines situations telles que les\u00a0changements de saison\u00a0ou le\u00a0surmenage, mettent \u00e0 rude \u00e9preuve nos d\u00e9fenses naturelles.<\/p>\n<p>Les\u00a0Laboratoires FENIOUX\u00a0ont \u00e9labor\u00e9\u00a0Tout En Un, un complexe de\u00a011 vitamines\u00a0et de\u00a08 min\u00e9raux\u00a0associant du\u00a0calcium, du\u00a0magn\u00e9sium, du\u00a0fer, du\u00a0cuivre, du\u00a0mangan\u00e8se, du\u00a0zinc, de la\u00a0vitamine C, de la thiamine (vitamine B1), de la riboflavine (vitamine B2), de l&rsquo;acide pantoth\u00e9nique (vitamine B5), de la\u00a0vitamine B6, de la biotine (vitamine B8), de la niacine (vitamine B3), de l&rsquo;acide folique (vitamine B9) et de la\u00a0vitamine B12.<\/p>\n","protected":false},"featured_media":2327,"template":"","meta":{"ocean_post_layout":"","ocean_both_sidebars_style":"","ocean_both_sidebars_content_width":0,"ocean_both_sidebars_sidebars_width":0,"ocean_sidebar":"0","ocean_second_sidebar":"0","ocean_disable_margins":"enable","ocean_add_body_class":"","ocean_shortcode_before_top_bar":"","ocean_shortcode_after_top_bar":"","ocean_shortcode_before_header":"","ocean_shortcode_after_header":"","ocean_has_shortcode":"","ocean_shortcode_after_title":"","ocean_shortcode_before_footer_widgets":"","ocean_shortcode_after_footer_widgets":"","ocean_shortcode_before_footer_bottom":"","ocean_shortcode_after_footer_bottom":"","ocean_display_top_bar":"default","ocean_display_header":"default","ocean_header_style":"","ocean_center_header_left_menu":"0","ocean_custom_header_template":"0","ocean_custom_logo":0,"ocean_custom_retina_logo":0,"ocean_custom_logo_max_width":0,"ocean_custom_logo_tablet_max_width":0,"ocean_custom_logo_mobile_max_width":0,"ocean_custom_logo_max_height":0,"ocean_custom_logo_tablet_max_height":0,"ocean_custom_logo_mobile_max_height":0,"ocean_header_custom_menu":"0","ocean_menu_typo_font_family":"0","ocean_menu_typo_font_subset":"","ocean_menu_typo_font_size":0,"ocean_menu_typo_font_size_tablet":0,"ocean_menu_typo_font_size_mobile":0,"ocean_menu_typo_font_size_unit":"px","ocean_menu_typo_font_weight":"","ocean_menu_typo_font_weight_tablet":"","ocean_menu_typo_font_weight_mobile":"","ocean_menu_typo_transform":"","ocean_menu_typo_transform_tablet":"","ocean_menu_typo_transform_mobile":"","ocean_menu_typo_line_height":0,"ocean_menu_typo_line_height_tablet":0,"ocean_menu_typo_line_height_mobile":0,"ocean_menu_typo_line_height_unit":"","ocean_menu_typo_spacing":0,"ocean_menu_typo_spacing_tablet":0,"ocean_menu_typo_spacing_mobile":0,"ocean_menu_typo_spacing_unit":"","ocean_menu_link_color":"","ocean_menu_link_color_hover":"","ocean_menu_link_color_active":"","ocean_menu_link_background":"","ocean_menu_link_hover_background":"","ocean_menu_link_active_background":"","ocean_menu_social_links_bg":"","ocean_menu_social_hover_links_bg":"","ocean_menu_social_links_color":"","ocean_menu_social_hover_links_color":"","ocean_disable_title":"default","ocean_disable_heading":"default","ocean_post_title":"","ocean_post_subheading":"","ocean_post_title_style":"","ocean_post_title_background_color":"","ocean_post_title_background":0,"ocean_post_title_bg_image_position":"","ocean_post_title_bg_image_attachment":"","ocean_post_title_bg_image_repeat":"","ocean_post_title_bg_image_size":"","ocean_post_title_height":0,"ocean_post_title_bg_overlay":0.5,"ocean_post_title_bg_overlay_color":"","ocean_disable_breadcrumbs":"default","ocean_breadcrumbs_color":"","ocean_breadcrumbs_separator_color":"","ocean_breadcrumbs_links_color":"","ocean_breadcrumbs_links_hover_color":"","ocean_display_footer_widgets":"default","ocean_display_footer_bottom":"default","ocean_custom_footer_template":"0"},"product_brand":[49],"product_cat":[48],"product_tag":[],"class_list":{"0":"post-2074","1":"product","2":"type-product","3":"status-publish","4":"has-post-thumbnail","6":"product_brand-laboratoire-fenioux","7":"product_cat-complements-alimentaires","9":"entry","10":"has-media","12":"first","13":"instock","14":"shipping-taxable","15":"purchasable","16":"product-type-simple","17":"has-product-nav","18":"col","19":"span_1_of_4","20":"owp-content-center","21":"owp-thumbs-layout-horizontal","22":"owp-btn-normal","23":"owp-tabs-layout-horizontal","24":"has-no-thumbnails"},"_links":{"self":[{"href":"https:\/\/pierredelune-sceaux.fr\/index.php\/wp-json\/wp\/v2\/product\/2074","targetHints":{"allow":["GET"]}}],"collection":[{"href":"https:\/\/pierredelune-sceaux.fr\/index.php\/wp-json\/wp\/v2\/product"}],"about":[{"href":"https:\/\/pierredelune-sceaux.fr\/index.php\/wp-json\/wp\/v2\/types\/product"}],"wp:featuredmedia":[{"embeddable":true,"href":"https:\/\/pierredelune-sceaux.fr\/index.php\/wp-json\/wp\/v2\/media\/2327"}],"wp:attachment":[{"href":"https:\/\/pierredelune-sceaux.fr\/index.php\/wp-json\/wp\/v2\/media?parent=2074"}],"wp:term":[{"taxonomy":"product_brand","embeddable":true,"href":"https:\/\/pierredelune-sceaux.fr\/index.php\/wp-json\/wp\/v2\/product_brand?post=2074"},{"taxonomy":"product_cat","embeddable":true,"href":"https:\/\/pierredelune-sceaux.fr\/index.php\/wp-json\/wp\/v2\/product_cat?post=2074"},{"taxonomy":"product_tag","embeddable":true,"href":"https:\/\/pierredelune-sceaux.fr\/index.php\/wp-json\/wp\/v2\/product_tag?post=2074"}],"curies":[{"name":"wp","href":"https:\/\/api.w.org\/{rel}","templated":true}]}}