{"id":2100,"date":"2025-11-13T22:51:58","date_gmt":"2025-11-13T21:51:58","guid":{"rendered":"https:\/\/pierredelune-sceaux.fr\/?post_type=product&#038;p=2100"},"modified":"2025-11-13T22:51:58","modified_gmt":"2025-11-13T21:51:58","slug":"glutathion-fort","status":"publish","type":"product","link":"https:\/\/pierredelune-sceaux.fr\/index.php\/produit\/glutathion-fort\/","title":{"rendered":"Glutathion Fort"},"content":{"rendered":"<p>Ingr\u00e9dients : L-Glutathion, dextrose, extrait de fruit d&rsquo;ac\u00e9rola (<em>Malpighia punicifolia<\/em>), sucre de canne, antiagglom\u00e9rant : carbonate de magn\u00e9sium, \u00e9paississant : carboxym\u00e9thylcellulose de sodium r\u00e9ticul\u00e9e, ar\u00f4me naturel orange, \u00e9mulsifiant : sels de magn\u00e9sium d\u2019acides gras, \u00e9dulcorants : sucralose, n\u00e9oh\u00e9sp\u00e9ridine dihydrochalcone<\/p>\n<hr \/>\n<p>Conseils d&rsquo;utilisation : 1 comprim\u00e9\/jour \u00e0 sucer en dehors des repas<\/p>\n<hr \/>\n<p>Compl\u00e9ment alimentaire \u00e0 base de glutathion et de vitamine C. Avec sucre et \u00e9dulcorants.<\/p>\n<p>Ne pas d\u00e9passer la dose journali\u00e8re recommand\u00e9e.<br \/>\nTenir hors de port\u00e9e des jeunes enfants.<\/p>\n<p>Un compl\u00e9ment alimentaire ne doit pas se substituer \u00e0 une alimentation vari\u00e9e et \u00e9quilibr\u00e9e et \u00e0 un mode de vie sain.<\/p>\n<p>Conserver le produit \u00e0 l&rsquo;abri de la lumi\u00e8re, de la chaleur et de l&rsquo;humidit\u00e9.<br \/>\nPour les femmes enceintes ou allaitantes, consulter un professionnel de sant\u00e9.<\/p>\n","protected":false},"excerpt":{"rendered":"<p>Glutathion Fort est un compl\u00e9ment alimentaire \u00e9labor\u00e9 par les Laboratoires Fenioux \u00e0 base de Glutathion et de Vitamine C.<\/p>\n<p>Le Glutathion est une substance, constitu\u00e9e d&rsquo;acides amin\u00e9s, pr\u00e9sente dans les cellules de notre organisme et participant au transport de l&rsquo;hydrog\u00e8ne. L&rsquo;hydrog\u00e8ne est une substance indispensable au transfert des \u00e9l\u00e9ments nutritifs et dans les r\u00e9actions acide-base.<\/p>\n<p>La Vitamine C, quant \u00e0 elle, contribue \u00e0 prot\u00e9ger les cellules du stress oxydatif.<\/p>\n<p>Bo\u00eete de 30 comprim\u00e9s de 950mg<\/p>\n","protected":false},"featured_media":2102,"template":"","meta":{"ocean_post_layout":"","ocean_both_sidebars_style":"","ocean_both_sidebars_content_width":0,"ocean_both_sidebars_sidebars_width":0,"ocean_sidebar":"0","ocean_second_sidebar":"0","ocean_disable_margins":"enable","ocean_add_body_class":"","ocean_shortcode_before_top_bar":"","ocean_shortcode_after_top_bar":"","ocean_shortcode_before_header":"","ocean_shortcode_after_header":"","ocean_has_shortcode":"","ocean_shortcode_after_title":"","ocean_shortcode_before_footer_widgets":"","ocean_shortcode_after_footer_widgets":"","ocean_shortcode_before_footer_bottom":"","ocean_shortcode_after_footer_bottom":"","ocean_display_top_bar":"default","ocean_display_header":"default","ocean_header_style":"","ocean_center_header_left_menu":"0","ocean_custom_header_template":"0","ocean_custom_logo":0,"ocean_custom_retina_logo":0,"ocean_custom_logo_max_width":0,"ocean_custom_logo_tablet_max_width":0,"ocean_custom_logo_mobile_max_width":0,"ocean_custom_logo_max_height":0,"ocean_custom_logo_tablet_max_height":0,"ocean_custom_logo_mobile_max_height":0,"ocean_header_custom_menu":"0","ocean_menu_typo_font_family":"0","ocean_menu_typo_font_subset":"","ocean_menu_typo_font_size":0,"ocean_menu_typo_font_size_tablet":0,"ocean_menu_typo_font_size_mobile":0,"ocean_menu_typo_font_size_unit":"px","ocean_menu_typo_font_weight":"","ocean_menu_typo_font_weight_tablet":"","ocean_menu_typo_font_weight_mobile":"","ocean_menu_typo_transform":"","ocean_menu_typo_transform_tablet":"","ocean_menu_typo_transform_mobile":"","ocean_menu_typo_line_height":0,"ocean_menu_typo_line_height_tablet":0,"ocean_menu_typo_line_height_mobile":0,"ocean_menu_typo_line_height_unit":"","ocean_menu_typo_spacing":0,"ocean_menu_typo_spacing_tablet":0,"ocean_menu_typo_spacing_mobile":0,"ocean_menu_typo_spacing_unit":"","ocean_menu_link_color":"","ocean_menu_link_color_hover":"","ocean_menu_link_color_active":"","ocean_menu_link_background":"","ocean_menu_link_hover_background":"","ocean_menu_link_active_background":"","ocean_menu_social_links_bg":"","ocean_menu_social_hover_links_bg":"","ocean_menu_social_links_color":"","ocean_menu_social_hover_links_color":"","ocean_disable_title":"default","ocean_disable_heading":"default","ocean_post_title":"","ocean_post_subheading":"","ocean_post_title_style":"","ocean_post_title_background_color":"","ocean_post_title_background":0,"ocean_post_title_bg_image_position":"","ocean_post_title_bg_image_attachment":"","ocean_post_title_bg_image_repeat":"","ocean_post_title_bg_image_size":"","ocean_post_title_height":0,"ocean_post_title_bg_overlay":0.5,"ocean_post_title_bg_overlay_color":"","ocean_disable_breadcrumbs":"default","ocean_breadcrumbs_color":"","ocean_breadcrumbs_separator_color":"","ocean_breadcrumbs_links_color":"","ocean_breadcrumbs_links_hover_color":"","ocean_display_footer_widgets":"default","ocean_display_footer_bottom":"default","ocean_custom_footer_template":"0"},"product_brand":[49],"product_cat":[48],"product_tag":[],"class_list":{"0":"post-2100","1":"product","2":"type-product","3":"status-publish","4":"has-post-thumbnail","6":"product_brand-laboratoire-fenioux","7":"product_cat-complements-alimentaires","9":"entry","10":"has-media","12":"first","13":"instock","14":"shipping-taxable","15":"purchasable","16":"product-type-simple","17":"has-product-nav","18":"col","19":"span_1_of_4","20":"owp-content-center","21":"owp-thumbs-layout-horizontal","22":"owp-btn-normal","23":"owp-tabs-layout-horizontal","24":"has-no-thumbnails"},"_links":{"self":[{"href":"https:\/\/pierredelune-sceaux.fr\/index.php\/wp-json\/wp\/v2\/product\/2100","targetHints":{"allow":["GET"]}}],"collection":[{"href":"https:\/\/pierredelune-sceaux.fr\/index.php\/wp-json\/wp\/v2\/product"}],"about":[{"href":"https:\/\/pierredelune-sceaux.fr\/index.php\/wp-json\/wp\/v2\/types\/product"}],"wp:featuredmedia":[{"embeddable":true,"href":"https:\/\/pierredelune-sceaux.fr\/index.php\/wp-json\/wp\/v2\/media\/2102"}],"wp:attachment":[{"href":"https:\/\/pierredelune-sceaux.fr\/index.php\/wp-json\/wp\/v2\/media?parent=2100"}],"wp:term":[{"taxonomy":"product_brand","embeddable":true,"href":"https:\/\/pierredelune-sceaux.fr\/index.php\/wp-json\/wp\/v2\/product_brand?post=2100"},{"taxonomy":"product_cat","embeddable":true,"href":"https:\/\/pierredelune-sceaux.fr\/index.php\/wp-json\/wp\/v2\/product_cat?post=2100"},{"taxonomy":"product_tag","embeddable":true,"href":"https:\/\/pierredelune-sceaux.fr\/index.php\/wp-json\/wp\/v2\/product_tag?post=2100"}],"curies":[{"name":"wp","href":"https:\/\/api.w.org\/{rel}","templated":true}]}}

<p>Ingrédients : L-Glutathion, dextrose, extrait de fruit d&rsquo;acérola (<em>Malpighia punicifolia</em>), sucre de canne, antiagglomérant : carbonate de magnésium, épaississant : carboxyméthylcellulose de sodium réticulée, arôme naturel orange, émulsifiant : sels de magnésium d’acides gras, édulcorants : sucralose, néohéspéridine dihydrochalcone</p>
<hr />
<p>Conseils d&rsquo;utilisation : 1 comprimé/jour à sucer en dehors des repas</p>
<hr />
<p>Complément alimentaire à base de glutathion et de vitamine C. Avec sucre et édulcorants.</p>
<p>Ne pas dépasser la dose journalière recommandée.<br />
Tenir hors de portée des jeunes enfants.</p>
<p>Un complément alimentaire ne doit pas se substituer à une alimentation variée et équilibrée et à un mode de vie sain.</p>
<p>Conserver le produit à l&rsquo;abri de la lumière, de la chaleur et de l&rsquo;humidité.<br />
Pour les femmes enceintes ou allaitantes, consulter un professionnel de santé.</p>

<p>Glutathion Fort est un complément alimentaire élaboré par les Laboratoires Fenioux à base de Glutathion et de Vitamine C.</p>
<p>Le Glutathion est une substance, constituée d&rsquo;acides aminés, présente dans les cellules de notre organisme et participant au transport de l&rsquo;hydrogène. L&rsquo;hydrogène est une substance indispensable au transfert des éléments nutritifs et dans les réactions acide-base.</p>
<p>La Vitamine C, quant à elle, contribue à protéger les cellules du stress oxydatif.</p>
<p>Boîte de 30 comprimés de 950mg</p>
