{"id":2243,"date":"2025-11-13T22:49:16","date_gmt":"2025-11-13T21:49:16","guid":{"rendered":"https:\/\/pierredelune-sceaux.fr\/?post_type=product&#038;p=2243"},"modified":"2025-11-13T22:49:16","modified_gmt":"2025-11-13T21:49:16","slug":"eponge-konjac-argile-rouge","status":"publish","type":"product","link":"https:\/\/pierredelune-sceaux.fr\/index.php\/produit\/eponge-konjac-argile-rouge\/","title":{"rendered":"\u00c9ponge Konjac &#8211; Argile rouge"},"content":{"rendered":"<p>Exfolie et illumine les teints ternes tout en estompant les rides.<br \/>\nBiod\u00e9gradable, sans colorant ni additifs.<br \/>\nNettoie et exfolie en profondeur.<br \/>\nEquilibre le pH de la peau.<\/p>\n<hr \/>\n<p>Conseils d\u2019utilisation :<\/p>\n<p>Laissez l\u2019\u00e9ponge Konjac dans de l\u2019eau ti\u00e8de pendant 3 \u00e0 5 minutes.<\/p>\n<p>Une fois que l\u2019\u00e9ponge Konjac est molle, massez d\u00e9licatement votre visage, le d\u00e9collet\u00e9 ou le corps avec ou sans produit nettoyant.<\/p>\n<p>Rincez abondamment la apr\u00e8s chaque utilisation et conservez la dans un endroit sec et propre.<\/p>\n","protected":false},"excerpt":{"rendered":"<p>Parce que l\u2019\u00e9cologie nous concerne tous, parce que le comportement \u00e9coresponsable est indispensable \u00e0 nos jours, nous proposons toutes nos \u00e9ponges konjac sans emballage, z\u00e9ro d\u00e9chet 100% \u00e9co-friendly.<\/p>\n<p>Nos \u00e9ponges konjac sont compos\u00e9es de fibres v\u00e9g\u00e9tales extraites de la plante du m\u00eame nom.<br \/>\nElle est propos\u00e9e ici en version enrichie \u00e0 l&rsquo;argile rouge riche en oxyde de fer. Particuli\u00e8rement efficace pour exfolier et illuminer les teints ternes tout en estompant les rides.<\/p>\n<p>L&rsquo;\u00e9ponge Konjac \u00e0 l&rsquo;Argile Rouge convient aux peaux matures ou s\u00e8ches.<\/p>\n<p>100% Naturelles, 100% Biod\u00e9gradables, Sans parab\u00e8ne, Sans Colorant, Sans Additifs.<br \/>\nCertifi\u00e9es par Bureaux V\u00e9ritas. Non test\u00e9es sur les animaux.<\/p>\n","protected":false},"featured_media":2245,"template":"","meta":{"ocean_post_layout":"","ocean_both_sidebars_style":"","ocean_both_sidebars_content_width":0,"ocean_both_sidebars_sidebars_width":0,"ocean_sidebar":"0","ocean_second_sidebar":"0","ocean_disable_margins":"enable","ocean_add_body_class":"","ocean_shortcode_before_top_bar":"","ocean_shortcode_after_top_bar":"","ocean_shortcode_before_header":"","ocean_shortcode_after_header":"","ocean_has_shortcode":"","ocean_shortcode_after_title":"","ocean_shortcode_before_footer_widgets":"","ocean_shortcode_after_footer_widgets":"","ocean_shortcode_before_footer_bottom":"","ocean_shortcode_after_footer_bottom":"","ocean_display_top_bar":"default","ocean_display_header":"default","ocean_header_style":"","ocean_center_header_left_menu":"0","ocean_custom_header_template":"0","ocean_custom_logo":0,"ocean_custom_retina_logo":0,"ocean_custom_logo_max_width":0,"ocean_custom_logo_tablet_max_width":0,"ocean_custom_logo_mobile_max_width":0,"ocean_custom_logo_max_height":0,"ocean_custom_logo_tablet_max_height":0,"ocean_custom_logo_mobile_max_height":0,"ocean_header_custom_menu":"0","ocean_menu_typo_font_family":"0","ocean_menu_typo_font_subset":"","ocean_menu_typo_font_size":0,"ocean_menu_typo_font_size_tablet":0,"ocean_menu_typo_font_size_mobile":0,"ocean_menu_typo_font_size_unit":"px","ocean_menu_typo_font_weight":"","ocean_menu_typo_font_weight_tablet":"","ocean_menu_typo_font_weight_mobile":"","ocean_menu_typo_transform":"","ocean_menu_typo_transform_tablet":"","ocean_menu_typo_transform_mobile":"","ocean_menu_typo_line_height":0,"ocean_menu_typo_line_height_tablet":0,"ocean_menu_typo_line_height_mobile":0,"ocean_menu_typo_line_height_unit":"","ocean_menu_typo_spacing":0,"ocean_menu_typo_spacing_tablet":0,"ocean_menu_typo_spacing_mobile":0,"ocean_menu_typo_spacing_unit":"","ocean_menu_link_color":"","ocean_menu_link_color_hover":"","ocean_menu_link_color_active":"","ocean_menu_link_background":"","ocean_menu_link_hover_background":"","ocean_menu_link_active_background":"","ocean_menu_social_links_bg":"","ocean_menu_social_hover_links_bg":"","ocean_menu_social_links_color":"","ocean_menu_social_hover_links_color":"","ocean_disable_title":"default","ocean_disable_heading":"default","ocean_post_title":"","ocean_post_subheading":"","ocean_post_title_style":"","ocean_post_title_background_color":"","ocean_post_title_background":0,"ocean_post_title_bg_image_position":"","ocean_post_title_bg_image_attachment":"","ocean_post_title_bg_image_repeat":"","ocean_post_title_bg_image_size":"","ocean_post_title_height":0,"ocean_post_title_bg_overlay":0.5,"ocean_post_title_bg_overlay_color":"","ocean_disable_breadcrumbs":"default","ocean_breadcrumbs_color":"","ocean_breadcrumbs_separator_color":"","ocean_breadcrumbs_links_color":"","ocean_breadcrumbs_links_hover_color":"","ocean_display_footer_widgets":"default","ocean_display_footer_bottom":"default","ocean_custom_footer_template":"0"},"product_brand":[64],"product_cat":[65,63],"product_tag":[],"class_list":{"0":"post-2243","1":"product","2":"type-product","3":"status-publish","4":"has-post-thumbnail","6":"product_brand-sun-sia","7":"product_cat-eponge","8":"product_cat-konjac","10":"entry","11":"has-media","13":"first","14":"instock","15":"shipping-taxable","16":"purchasable","17":"product-type-simple","18":"has-product-nav","19":"col","20":"span_1_of_4","21":"owp-content-center","22":"owp-thumbs-layout-horizontal","23":"owp-btn-normal","24":"owp-tabs-layout-horizontal","25":"has-no-thumbnails"},"_links":{"self":[{"href":"https:\/\/pierredelune-sceaux.fr\/index.php\/wp-json\/wp\/v2\/product\/2243","targetHints":{"allow":["GET"]}}],"collection":[{"href":"https:\/\/pierredelune-sceaux.fr\/index.php\/wp-json\/wp\/v2\/product"}],"about":[{"href":"https:\/\/pierredelune-sceaux.fr\/index.php\/wp-json\/wp\/v2\/types\/product"}],"wp:featuredmedia":[{"embeddable":true,"href":"https:\/\/pierredelune-sceaux.fr\/index.php\/wp-json\/wp\/v2\/media\/2245"}],"wp:attachment":[{"href":"https:\/\/pierredelune-sceaux.fr\/index.php\/wp-json\/wp\/v2\/media?parent=2243"}],"wp:term":[{"taxonomy":"product_brand","embeddable":true,"href":"https:\/\/pierredelune-sceaux.fr\/index.php\/wp-json\/wp\/v2\/product_brand?post=2243"},{"taxonomy":"product_cat","embeddable":true,"href":"https:\/\/pierredelune-sceaux.fr\/index.php\/wp-json\/wp\/v2\/product_cat?post=2243"},{"taxonomy":"product_tag","embeddable":true,"href":"https:\/\/pierredelune-sceaux.fr\/index.php\/wp-json\/wp\/v2\/product_tag?post=2243"}],"curies":[{"name":"wp","href":"https:\/\/api.w.org\/{rel}","templated":true}]}}