{"id":2391,"date":"2025-11-13T22:43:09","date_gmt":"2025-11-13T21:43:09","guid":{"rendered":"https:\/\/pierredelune-sceaux.fr\/?post_type=product&#038;p=2391"},"modified":"2025-11-13T22:43:09","modified_gmt":"2025-11-13T21:43:09","slug":"huile-essentielle-melisse","status":"publish","type":"product","link":"https:\/\/pierredelune-sceaux.fr\/index.php\/produit\/huile-essentielle-melisse\/","title":{"rendered":"Huile essentielle &#8211; M\u00e9lisse"},"content":{"rendered":"<p>Conseils d&rsquo;utilisation :<\/p>\n<p>En cas d&rsquo;insomnie: versez 1 goutte d&rsquo;huile essentielle de m\u00e9lisse dans 1 cuill\u00e8re \u00e0 caf\u00e9 de miel et avalez chaque soir avant d&rsquo;aller vous coucher. Vous pouvez aussi l&rsquo;associer avec l&rsquo;huile essentielle de verveine citronn\u00e9e, l&rsquo;huile essentielle d&rsquo;orange douce et l&rsquo;huile essentielle de camomille: m\u00e9langez 10 gouttes de chaque puis diluez 1 goutte du m\u00e9lange dans 1 cuill\u00e8re \u00e0 caf\u00e9 de miel.<\/p>\n<p>En cas de stress: diluez 10 gouttes d&rsquo;huile essentielle de m\u00e9lisse dans 1 cuill\u00e8re \u00e0 soupe d&rsquo;huile v\u00e9g\u00e9tale. Versez dans l&rsquo;eau du bain et restez y au moins 10 minutes.<\/p>\n<p>En cas de naus\u00e9e: d\u00e9posez 1 goutte d&rsquo;huile essentielle de m\u00e9lisse sur un sucre ou un comprim\u00e9 neutre et laissez fondre dans la bouche. Un rem\u00e8de id\u00e9al aussi contre les naus\u00e9es des femmes enceintes.<\/p>\n<p>Probl\u00e8me de digestion: d\u00e9posez 1 goutte d&rsquo;huile essentielle de m\u00e9lisse sur un sucre ou un comprim\u00e9 neutre et avalez.<br \/>\nTr\u00e8s efficace contre les crampes digestives.<\/p>\n<p>Probl\u00e8mes h\u00e9pato biliaires ou calculs biliaires: d\u00e9posez 1 goutte\u00a0d&rsquo;huile essentielle de m\u00e9lisse sur un sucre ou un comprim\u00e9 neutre et avalez 3 fois par jour pendant 10 jours.<\/p>\n","protected":false},"excerpt":{"rendered":"<p>L&rsquo;huile essentielle de m\u00e9lisse est une huile essentielle calmante, anti-inflammatoire, s\u00e9dative, hypnotique (facilite le sommeil) : on l&rsquo;utilisera en cas d&rsquo;insomnie, de crise de nerfs et de lipothimie.<\/p>\n<p>Efficace contre l&rsquo;indigestion, les crampes d&rsquo;estomac, les spasmes de l&rsquo;ut\u00e9rus (r\u00e8gles douloureuses), les naus\u00e9es. On pourra aussi l&rsquo;utiliser contre les vomissements durant la grossesse apr\u00e8s avis m\u00e9dical.<\/p>\n<p>Le mot m\u00e9lisse vient d&rsquo;un mot grec signifiant \u00ab\u00a0abeille\u00a0\u00bb car son parfum doux et citronn\u00e9 a la particularit\u00e9 d&rsquo;attirer et de retenir cet insecte.<\/p>\n","protected":false},"featured_media":2392,"template":"","meta":{"ocean_post_layout":"","ocean_both_sidebars_style":"","ocean_both_sidebars_content_width":0,"ocean_both_sidebars_sidebars_width":0,"ocean_sidebar":"0","ocean_second_sidebar":"0","ocean_disable_margins":"enable","ocean_add_body_class":"","ocean_shortcode_before_top_bar":"","ocean_shortcode_after_top_bar":"","ocean_shortcode_before_header":"","ocean_shortcode_after_header":"","ocean_has_shortcode":"","ocean_shortcode_after_title":"","ocean_shortcode_before_footer_widgets":"","ocean_shortcode_after_footer_widgets":"","ocean_shortcode_before_footer_bottom":"","ocean_shortcode_after_footer_bottom":"","ocean_display_top_bar":"default","ocean_display_header":"default","ocean_header_style":"","ocean_center_header_left_menu":"0","ocean_custom_header_template":"0","ocean_custom_logo":0,"ocean_custom_retina_logo":0,"ocean_custom_logo_max_width":0,"ocean_custom_logo_tablet_max_width":0,"ocean_custom_logo_mobile_max_width":0,"ocean_custom_logo_max_height":0,"ocean_custom_logo_tablet_max_height":0,"ocean_custom_logo_mobile_max_height":0,"ocean_header_custom_menu":"0","ocean_menu_typo_font_family":"0","ocean_menu_typo_font_subset":"","ocean_menu_typo_font_size":0,"ocean_menu_typo_font_size_tablet":0,"ocean_menu_typo_font_size_mobile":0,"ocean_menu_typo_font_size_unit":"px","ocean_menu_typo_font_weight":"","ocean_menu_typo_font_weight_tablet":"","ocean_menu_typo_font_weight_mobile":"","ocean_menu_typo_transform":"","ocean_menu_typo_transform_tablet":"","ocean_menu_typo_transform_mobile":"","ocean_menu_typo_line_height":0,"ocean_menu_typo_line_height_tablet":0,"ocean_menu_typo_line_height_mobile":0,"ocean_menu_typo_line_height_unit":"","ocean_menu_typo_spacing":0,"ocean_menu_typo_spacing_tablet":0,"ocean_menu_typo_spacing_mobile":0,"ocean_menu_typo_spacing_unit":"","ocean_menu_link_color":"","ocean_menu_link_color_hover":"","ocean_menu_link_color_active":"","ocean_menu_link_background":"","ocean_menu_link_hover_background":"","ocean_menu_link_active_background":"","ocean_menu_social_links_bg":"","ocean_menu_social_hover_links_bg":"","ocean_menu_social_links_color":"","ocean_menu_social_hover_links_color":"","ocean_disable_title":"default","ocean_disable_heading":"default","ocean_post_title":"","ocean_post_subheading":"","ocean_post_title_style":"","ocean_post_title_background_color":"","ocean_post_title_background":0,"ocean_post_title_bg_image_position":"","ocean_post_title_bg_image_attachment":"","ocean_post_title_bg_image_repeat":"","ocean_post_title_bg_image_size":"","ocean_post_title_height":0,"ocean_post_title_bg_overlay":0.5,"ocean_post_title_bg_overlay_color":"","ocean_disable_breadcrumbs":"default","ocean_breadcrumbs_color":"","ocean_breadcrumbs_separator_color":"","ocean_breadcrumbs_links_color":"","ocean_breadcrumbs_links_hover_color":"","ocean_display_footer_widgets":"default","ocean_display_footer_bottom":"default","ocean_custom_footer_template":"0"},"product_brand":[53],"product_cat":[71],"product_tag":[],"class_list":{"0":"post-2391","1":"product","2":"type-product","3":"status-publish","4":"has-post-thumbnail","6":"product_brand-cevenaromes","7":"product_cat-huiles-essentielles","9":"entry","10":"has-media","12":"first","13":"instock","14":"shipping-taxable","15":"purchasable","16":"product-type-simple","17":"has-product-nav","18":"col","19":"span_1_of_4","20":"owp-content-center","21":"owp-thumbs-layout-horizontal","22":"owp-btn-normal","23":"owp-tabs-layout-horizontal","24":"has-no-thumbnails"},"_links":{"self":[{"href":"https:\/\/pierredelune-sceaux.fr\/index.php\/wp-json\/wp\/v2\/product\/2391","targetHints":{"allow":["GET"]}}],"collection":[{"href":"https:\/\/pierredelune-sceaux.fr\/index.php\/wp-json\/wp\/v2\/product"}],"about":[{"href":"https:\/\/pierredelune-sceaux.fr\/index.php\/wp-json\/wp\/v2\/types\/product"}],"wp:featuredmedia":[{"embeddable":true,"href":"https:\/\/pierredelune-sceaux.fr\/index.php\/wp-json\/wp\/v2\/media\/2392"}],"wp:attachment":[{"href":"https:\/\/pierredelune-sceaux.fr\/index.php\/wp-json\/wp\/v2\/media?parent=2391"}],"wp:term":[{"taxonomy":"product_brand","embeddable":true,"href":"https:\/\/pierredelune-sceaux.fr\/index.php\/wp-json\/wp\/v2\/product_brand?post=2391"},{"taxonomy":"product_cat","embeddable":true,"href":"https:\/\/pierredelune-sceaux.fr\/index.php\/wp-json\/wp\/v2\/product_cat?post=2391"},{"taxonomy":"product_tag","embeddable":true,"href":"https:\/\/pierredelune-sceaux.fr\/index.php\/wp-json\/wp\/v2\/product_tag?post=2391"}],"curies":[{"name":"wp","href":"https:\/\/api.w.org\/{rel}","templated":true}]}}