{"id":2420,"date":"2025-11-13T22:42:19","date_gmt":"2025-11-13T21:42:19","guid":{"rendered":"https:\/\/pierredelune-sceaux.fr\/?post_type=product&#038;p=2420"},"modified":"2025-11-13T22:42:20","modified_gmt":"2025-11-13T21:42:20","slug":"huile-essentielle-cypres-bio","status":"publish","type":"product","link":"https:\/\/pierredelune-sceaux.fr\/index.php\/produit\/huile-essentielle-cypres-bio\/","title":{"rendered":"Huile essentielle &#8211; Cypr\u00e8s Bio"},"content":{"rendered":"<p>Composition Cupressus sempervirens*<\/p>\n<p>* Issue de l&rsquo;agriculture biologique.<\/p>\n<p>Famille : cupressac\u00e9es<\/p>\n<p>Origine: France \/ Maroc \/ Espagne<\/p>\n<p>Partie utilis\u00e9e: rameau feuill\u00e9 Ch\u00e9motype : alpha pin\u00e8ne, delta 3 can\u00e8ne Extraction : distillation \u00e0 la vapeur d&rsquo;eau<\/p>\n<hr \/>\n<p>Conseils d&rsquo;utilisation :<\/p>\n<p>En massage sur le bas ventre, pour le confort urinaire, m\u00e9langez 20 gouttes de cypr\u00e8s, 10 gouttes de gaulth\u00e9rie et 20 gouttes de niaouli dans 100 ml d&rsquo;huile v\u00e9g\u00e9tale neutre.<\/p>\n<p>Compresse, 30 \u00e0 50 gouttes dilu\u00e9es dans 100 ml d&rsquo;huile v\u00e9g\u00e9tale. Appliquer sur la zone concern\u00e9e durant 15 minutes, \u00e0 l&rsquo;aide d&rsquo;une compresse chaude humidifi\u00e9e. Utilisations possibles : massage, diffusion.<\/p>\n<hr \/>\n<p>D\u00e9conseill\u00e9e pendant la grossesse et l&rsquo;allaitement.<\/p>\n<p>D\u00e9conseill\u00e9e aux enfants de moins de 8 ans.<\/p>\n<p>Conserver \u00e0 l&rsquo;abri de la chaleur et de la lumi\u00e8re. Ne pas utiliser dans le cas de mastoses.<\/p>\n","protected":false},"excerpt":{"rendered":"<p>L&rsquo;huile essentielle de cypr\u00e8s soulage les jambes lourdes, favorise le bon fonctionnement des voies respiratoires, le tonus et le confort urinaire.<\/p>\n<p>Traditionnellement utilis\u00e9e pour favoriser une bonne circulation, elle participe \u00e9galement au confort des jambes lourdes et fatigu\u00e9es. Favorise le bon fonctionnement des voies respiratoires, notamment en cas de toux nerveuse. Favorise le tonus g\u00e9n\u00e9ral, notamment en cas d&rsquo;irritabilit\u00e9 ou de fatigue nerveuse ou physique. Favorise le confort urinaire de l&rsquo;homme d&rsquo;\u00e2ge m\u00fbr.<\/p>\n<p>Flacon 10ml<\/p>\n","protected":false},"featured_media":2421,"template":"","meta":{"ocean_post_layout":"","ocean_both_sidebars_style":"","ocean_both_sidebars_content_width":0,"ocean_both_sidebars_sidebars_width":0,"ocean_sidebar":"0","ocean_second_sidebar":"0","ocean_disable_margins":"enable","ocean_add_body_class":"","ocean_shortcode_before_top_bar":"","ocean_shortcode_after_top_bar":"","ocean_shortcode_before_header":"","ocean_shortcode_after_header":"","ocean_has_shortcode":"","ocean_shortcode_after_title":"","ocean_shortcode_before_footer_widgets":"","ocean_shortcode_after_footer_widgets":"","ocean_shortcode_before_footer_bottom":"","ocean_shortcode_after_footer_bottom":"","ocean_display_top_bar":"default","ocean_display_header":"default","ocean_header_style":"","ocean_center_header_left_menu":"0","ocean_custom_header_template":"0","ocean_custom_logo":0,"ocean_custom_retina_logo":0,"ocean_custom_logo_max_width":0,"ocean_custom_logo_tablet_max_width":0,"ocean_custom_logo_mobile_max_width":0,"ocean_custom_logo_max_height":0,"ocean_custom_logo_tablet_max_height":0,"ocean_custom_logo_mobile_max_height":0,"ocean_header_custom_menu":"0","ocean_menu_typo_font_family":"0","ocean_menu_typo_font_subset":"","ocean_menu_typo_font_size":0,"ocean_menu_typo_font_size_tablet":0,"ocean_menu_typo_font_size_mobile":0,"ocean_menu_typo_font_size_unit":"px","ocean_menu_typo_font_weight":"","ocean_menu_typo_font_weight_tablet":"","ocean_menu_typo_font_weight_mobile":"","ocean_menu_typo_transform":"","ocean_menu_typo_transform_tablet":"","ocean_menu_typo_transform_mobile":"","ocean_menu_typo_line_height":0,"ocean_menu_typo_line_height_tablet":0,"ocean_menu_typo_line_height_mobile":0,"ocean_menu_typo_line_height_unit":"","ocean_menu_typo_spacing":0,"ocean_menu_typo_spacing_tablet":0,"ocean_menu_typo_spacing_mobile":0,"ocean_menu_typo_spacing_unit":"","ocean_menu_link_color":"","ocean_menu_link_color_hover":"","ocean_menu_link_color_active":"","ocean_menu_link_background":"","ocean_menu_link_hover_background":"","ocean_menu_link_active_background":"","ocean_menu_social_links_bg":"","ocean_menu_social_hover_links_bg":"","ocean_menu_social_links_color":"","ocean_menu_social_hover_links_color":"","ocean_disable_title":"default","ocean_disable_heading":"default","ocean_post_title":"","ocean_post_subheading":"","ocean_post_title_style":"","ocean_post_title_background_color":"","ocean_post_title_background":0,"ocean_post_title_bg_image_position":"","ocean_post_title_bg_image_attachment":"","ocean_post_title_bg_image_repeat":"","ocean_post_title_bg_image_size":"","ocean_post_title_height":0,"ocean_post_title_bg_overlay":0.5,"ocean_post_title_bg_overlay_color":"","ocean_disable_breadcrumbs":"default","ocean_breadcrumbs_color":"","ocean_breadcrumbs_separator_color":"","ocean_breadcrumbs_links_color":"","ocean_breadcrumbs_links_hover_color":"","ocean_display_footer_widgets":"default","ocean_display_footer_bottom":"default","ocean_custom_footer_template":"0"},"product_brand":[53],"product_cat":[71],"product_tag":[],"class_list":{"0":"post-2420","1":"product","2":"type-product","3":"status-publish","4":"has-post-thumbnail","6":"product_brand-cevenaromes","7":"product_cat-huiles-essentielles","9":"entry","10":"has-media","12":"first","13":"instock","14":"shipping-taxable","15":"purchasable","16":"product-type-simple","17":"has-product-nav","18":"col","19":"span_1_of_4","20":"owp-content-center","21":"owp-thumbs-layout-horizontal","22":"owp-btn-normal","23":"owp-tabs-layout-horizontal","24":"has-no-thumbnails"},"_links":{"self":[{"href":"https:\/\/pierredelune-sceaux.fr\/index.php\/wp-json\/wp\/v2\/product\/2420","targetHints":{"allow":["GET"]}}],"collection":[{"href":"https:\/\/pierredelune-sceaux.fr\/index.php\/wp-json\/wp\/v2\/product"}],"about":[{"href":"https:\/\/pierredelune-sceaux.fr\/index.php\/wp-json\/wp\/v2\/types\/product"}],"wp:featuredmedia":[{"embeddable":true,"href":"https:\/\/pierredelune-sceaux.fr\/index.php\/wp-json\/wp\/v2\/media\/2421"}],"wp:attachment":[{"href":"https:\/\/pierredelune-sceaux.fr\/index.php\/wp-json\/wp\/v2\/media?parent=2420"}],"wp:term":[{"taxonomy":"product_brand","embeddable":true,"href":"https:\/\/pierredelune-sceaux.fr\/index.php\/wp-json\/wp\/v2\/product_brand?post=2420"},{"taxonomy":"product_cat","embeddable":true,"href":"https:\/\/pierredelune-sceaux.fr\/index.php\/wp-json\/wp\/v2\/product_cat?post=2420"},{"taxonomy":"product_tag","embeddable":true,"href":"https:\/\/pierredelune-sceaux.fr\/index.php\/wp-json\/wp\/v2\/product_tag?post=2420"}],"curies":[{"name":"wp","href":"https:\/\/api.w.org\/{rel}","templated":true}]}}