{"id":2688,"date":"2026-03-20T22:18:42","date_gmt":"2026-03-20T21:18:42","guid":{"rendered":"https:\/\/pierredelune-sceaux.fr\/?post_type=product&#038;p=2688"},"modified":"2026-03-20T22:18:42","modified_gmt":"2026-03-20T21:18:42","slug":"articoncept","status":"publish","type":"product","link":"https:\/\/pierredelune-sceaux.fr\/index.php\/produit\/articoncept\/","title":{"rendered":"ArtiConcept\u00ae"},"content":{"rendered":"<p>ArtiConcept\u00ae\u00a0est un compl\u00e9ment alimentaire \u00e9labor\u00e9 par les\u00a0Laboratoires FENIOUX\u00a0qui associe la\u00a0membrane d&rsquo;\u0153uf de poule\u00a0et l&rsquo;extrait\u00a0d&rsquo;ac\u00e9rola\u00a0riche\u00a0en\u00a0vitamine C.<\/p>\n<p>La\u00a0membrane d&rsquo;\u0153uf de poule\u00a0renferme\u00a0des\u00a0constituants\u00a0majeurs\u00a0du\u00a0cartilage\u00a0comme le\u00a0collag\u00e8ne, le\u00a0sulfate chondro\u00eftine, le\u00a0dermatane sulfate, le\u00a0k\u00e9ratane sulfate, l&rsquo;acide hyaluronique.<\/p>\n<p>La\u00a0vitamine C\u00a0issue de l&rsquo;extrait d&rsquo;ac\u00e9rola\u00a0contribue\u00a0\u00e0 la\u00a0formation\u00a0du\u00a0collag\u00e8ne\u00a0pour\u00a0assurer\u00a0une\u00a0bonne fonction\u00a0des\u00a0cartilages.<\/p>\n<p>Les\u00a0\u0153ufs\u00a0et les\u00a0ovoproduits commercialis\u00e9s\u00a0par notre fournisseur,\u00a0proviennent\u00a0d\u2019exploitations conformes\u00a0au\u00a0d\u00e9cret Royal 3\/2002 du 11 janvier 2002, \u00e9tablissant les\u00a0normes\u00a0de\u00a0protection\u00a0des poules pondeuses.<\/p>\n<hr \/>\n<p>Ingr\u00e9dients : membrane d&rsquo;\u0153uf de poule, g\u00e9lule (g\u00e9latine), extrait de fruit d&rsquo;ac\u00e9rola (<em>Malpighia punicifolia<\/em>) \u00e0 25% de vitamine C.<\/p>\n<hr \/>\n<div class=\"single-product-bottom-section \">\n<div class=\"container--small product-advices\">Conseil d&rsquo;utilisation : 2 g\u00e9lules\/jour, \u00e0 prendre le matin avec un grand verre d&rsquo;eau.<\/div>\n<div><\/div>\n<\/div>\n<div>Bo\u00eete pour 1 mois.<\/div>\n<div class=\"single-product-bottom-section \">\n<div>\n<hr \/>\n<p>Ne pas d\u00e9passer la dose journali\u00e8re recommand\u00e9e.<br \/>\nTenir hors de port\u00e9e des jeunes enfants.<\/p>\n<p>Un compl\u00e9ment alimentaire ne doit pas se substituer \u00e0 une alimentation vari\u00e9e et \u00e9quilibr\u00e9e et \u00e0 un mode de vie sain.<\/p>\n<p>Conserver le produit \u00e0 l\u2019abri de la lumi\u00e8re, de la chaleur et de l\u2019humidit\u00e9.<\/p>\n<\/div>\n<\/div>\n","protected":false},"excerpt":{"rendered":"<p>La composition sp\u00e9cifique d&rsquo;ArtiConcept\u00ae (membrane d&rsquo;\u0153uf de poule + vitamine C naturelle) lui permet de contribuer \u00e0 la formation du collag\u00e8ne et ainsi d&rsquo;assurer la protection du cartilage.<\/p>\n<p>Bo\u00eete de 60 g\u00e9lules de 250mg.<\/p>\n","protected":false},"featured_media":2690,"template":"","meta":{"ocean_post_layout":"","ocean_both_sidebars_style":"","ocean_both_sidebars_content_width":0,"ocean_both_sidebars_sidebars_width":0,"ocean_sidebar":"0","ocean_second_sidebar":"0","ocean_disable_margins":"enable","ocean_add_body_class":"","ocean_shortcode_before_top_bar":"","ocean_shortcode_after_top_bar":"","ocean_shortcode_before_header":"","ocean_shortcode_after_header":"","ocean_has_shortcode":"","ocean_shortcode_after_title":"","ocean_shortcode_before_footer_widgets":"","ocean_shortcode_after_footer_widgets":"","ocean_shortcode_before_footer_bottom":"","ocean_shortcode_after_footer_bottom":"","ocean_display_top_bar":"default","ocean_display_header":"default","ocean_header_style":"","ocean_center_header_left_menu":"0","ocean_custom_header_template":"0","ocean_custom_logo":0,"ocean_custom_retina_logo":0,"ocean_custom_logo_max_width":0,"ocean_custom_logo_tablet_max_width":0,"ocean_custom_logo_mobile_max_width":0,"ocean_custom_logo_max_height":0,"ocean_custom_logo_tablet_max_height":0,"ocean_custom_logo_mobile_max_height":0,"ocean_header_custom_menu":"0","ocean_menu_typo_font_family":"0","ocean_menu_typo_font_subset":"","ocean_menu_typo_font_size":0,"ocean_menu_typo_font_size_tablet":0,"ocean_menu_typo_font_size_mobile":0,"ocean_menu_typo_font_size_unit":"px","ocean_menu_typo_font_weight":"","ocean_menu_typo_font_weight_tablet":"","ocean_menu_typo_font_weight_mobile":"","ocean_menu_typo_transform":"","ocean_menu_typo_transform_tablet":"","ocean_menu_typo_transform_mobile":"","ocean_menu_typo_line_height":0,"ocean_menu_typo_line_height_tablet":0,"ocean_menu_typo_line_height_mobile":0,"ocean_menu_typo_line_height_unit":"","ocean_menu_typo_spacing":0,"ocean_menu_typo_spacing_tablet":0,"ocean_menu_typo_spacing_mobile":0,"ocean_menu_typo_spacing_unit":"","ocean_menu_link_color":"","ocean_menu_link_color_hover":"","ocean_menu_link_color_active":"","ocean_menu_link_background":"","ocean_menu_link_hover_background":"","ocean_menu_link_active_background":"","ocean_menu_social_links_bg":"","ocean_menu_social_hover_links_bg":"","ocean_menu_social_links_color":"","ocean_menu_social_hover_links_color":"","ocean_disable_title":"default","ocean_disable_heading":"default","ocean_post_title":"","ocean_post_subheading":"","ocean_post_title_style":"","ocean_post_title_background_color":"","ocean_post_title_background":0,"ocean_post_title_bg_image_position":"","ocean_post_title_bg_image_attachment":"","ocean_post_title_bg_image_repeat":"","ocean_post_title_bg_image_size":"","ocean_post_title_height":0,"ocean_post_title_bg_overlay":0.5,"ocean_post_title_bg_overlay_color":"","ocean_disable_breadcrumbs":"default","ocean_breadcrumbs_color":"","ocean_breadcrumbs_separator_color":"","ocean_breadcrumbs_links_color":"","ocean_breadcrumbs_links_hover_color":"","ocean_display_footer_widgets":"default","ocean_display_footer_bottom":"default","ocean_custom_footer_template":"0"},"product_brand":[49],"product_cat":[48],"product_tag":[],"class_list":{"0":"post-2688","1":"product","2":"type-product","3":"status-publish","4":"has-post-thumbnail","6":"product_brand-laboratoire-fenioux","7":"product_cat-complements-alimentaires","9":"entry","10":"has-media","12":"first","13":"instock","14":"shipping-taxable","15":"purchasable","16":"product-type-simple","17":"has-product-nav","18":"col","19":"span_1_of_4","20":"owp-content-center","21":"owp-thumbs-layout-horizontal","22":"owp-btn-normal","23":"owp-tabs-layout-horizontal","24":"has-no-thumbnails"},"_links":{"self":[{"href":"https:\/\/pierredelune-sceaux.fr\/index.php\/wp-json\/wp\/v2\/product\/2688","targetHints":{"allow":["GET"]}}],"collection":[{"href":"https:\/\/pierredelune-sceaux.fr\/index.php\/wp-json\/wp\/v2\/product"}],"about":[{"href":"https:\/\/pierredelune-sceaux.fr\/index.php\/wp-json\/wp\/v2\/types\/product"}],"wp:featuredmedia":[{"embeddable":true,"href":"https:\/\/pierredelune-sceaux.fr\/index.php\/wp-json\/wp\/v2\/media\/2690"}],"wp:attachment":[{"href":"https:\/\/pierredelune-sceaux.fr\/index.php\/wp-json\/wp\/v2\/media?parent=2688"}],"wp:term":[{"taxonomy":"product_brand","embeddable":true,"href":"https:\/\/pierredelune-sceaux.fr\/index.php\/wp-json\/wp\/v2\/product_brand?post=2688"},{"taxonomy":"product_cat","embeddable":true,"href":"https:\/\/pierredelune-sceaux.fr\/index.php\/wp-json\/wp\/v2\/product_cat?post=2688"},{"taxonomy":"product_tag","embeddable":true,"href":"https:\/\/pierredelune-sceaux.fr\/index.php\/wp-json\/wp\/v2\/product_tag?post=2688"}],"curies":[{"name":"wp","href":"https:\/\/api.w.org\/{rel}","templated":true}]}}

<p>ArtiConcept® est un complément alimentaire élaboré par les Laboratoires FENIOUX qui associe la membrane d&rsquo;œuf de poule et l&rsquo;extrait d&rsquo;acérola riche en vitamine C.</p>
<p>La membrane d&rsquo;œuf de poule renferme des constituants majeurs du cartilage comme le collagène, le sulfate chondroïtine, le dermatane sulfate, le kératane sulfate, l&rsquo;acide hyaluronique.</p>
<p>La vitamine C issue de l&rsquo;extrait d&rsquo;acérola contribue à la formation du collagène pour assurer une bonne fonction des cartilages.</p>
<p>Les œufs et les ovoproduits commercialisés par notre fournisseur, proviennent d’exploitations conformes au décret Royal 3/2002 du 11 janvier 2002, établissant les normes de protection des poules pondeuses.</p>
<hr />
<p>Ingrédients : membrane d&rsquo;œuf de poule, gélule (gélatine), extrait de fruit d&rsquo;acérola (<em>Malpighia punicifolia</em>) à 25% de vitamine C.</p>
<hr />
<div class="single-product-bottom-section ">
<div class="container--small product-advices">Conseil d&rsquo;utilisation : 2 gélules/jour, à prendre le matin avec un grand verre d&rsquo;eau.</div>
<div></div>
</div>
<div>Boîte pour 1 mois.</div>
<div class="single-product-bottom-section ">
<div>
<hr />
<p>Ne pas dépasser la dose journalière recommandée.<br />
Tenir hors de portée des jeunes enfants.</p>
<p>Un complément alimentaire ne doit pas se substituer à une alimentation variée et équilibrée et à un mode de vie sain.</p>
<p>Conserver le produit à l’abri de la lumière, de la chaleur et de l’humidité.</p>
</div>
</div>

<p>La composition spécifique d&rsquo;ArtiConcept® (membrane d&rsquo;œuf de poule + vitamine C naturelle) lui permet de contribuer à la formation du collagène et ainsi d&rsquo;assurer la protection du cartilage.</p>
<p>Boîte de 60 gélules de 250mg.</p>
